CRAN Package Check Results for Package bootUR

Last updated on 2022-05-15 01:52:15 CEST.

Flavor Version Tinstall Tcheck Ttotal Status Flags
r-devel-linux-x86_64-debian-clang 0.4.2 55.98 112.12 168.10 NOTE
r-devel-linux-x86_64-debian-gcc 0.4.2 44.45 83.13 127.58 NOTE
r-devel-linux-x86_64-fedora-clang 0.4.2 220.61 NOTE
r-devel-linux-x86_64-fedora-gcc 0.4.2 212.32 NOTE
r-devel-windows-x86_64 0.4.2 55.00 202.00 257.00 NOTE
r-patched-linux-x86_64 0.4.2 44.48 114.63 159.11 NOTE
r-release-linux-x86_64 0.4.2 43.76 113.52 157.28 NOTE
r-release-macos-arm64 0.4.2 58.00 NOTE
r-release-macos-x86_64 0.4.2 74.00 NOTE
r-release-windows-x86_64 0.4.2 69.00 187.00 256.00 NOTE
r-oldrel-macos-arm64 0.4.2 82.00 NOTE
r-oldrel-macos-x86_64 0.4.2 86.00 NOTE
r-oldrel-windows-ix86+x86_64 0.4.2 130.00 204.00 334.00 NOTE

Check Details

Version: 0.4.2
Check: for GNU extensions in Makefiles
Result: NOTE
    GNU make is a SystemRequirements.
Flavors: r-devel-linux-x86_64-debian-clang, r-devel-linux-x86_64-debian-gcc, r-devel-linux-x86_64-fedora-clang, r-devel-linux-x86_64-fedora-gcc, r-devel-windows-x86_64, r-patched-linux-x86_64, r-release-linux-x86_64, r-release-macos-arm64, r-release-macos-x86_64, r-release-windows-x86_64, r-oldrel-macos-arm64, r-oldrel-macos-x86_64, r-oldrel-windows-ix86+x86_64

Version: 0.4.2
Check: installed package size
Result: NOTE
     installed size is 5.3Mb
     sub-directories of 1Mb or more:
     libs 4.9Mb
Flavors: r-release-macos-arm64, r-release-macos-x86_64, r-oldrel-macos-arm64, r-oldrel-macos-x86_64