Last updated on 2022-05-15 01:52:14 CEST.
Flavor | Version | Tinstall | Tcheck | Ttotal | Status | Flags |
---|---|---|---|---|---|---|
r-devel-linux-x86_64-debian-clang | 4.7.1 | 49.98 | 119.82 | 169.80 | OK | |
r-devel-linux-x86_64-debian-gcc | 4.7.1 | 36.93 | 88.04 | 124.97 | OK | |
r-devel-linux-x86_64-fedora-clang | 4.7.1 | 212.44 | OK | |||
r-devel-linux-x86_64-fedora-gcc | 4.7.1 | 203.36 | OK | |||
r-devel-windows-x86_64 | 4.7.1 | 233.00 | 133.00 | 366.00 | OK | |
r-patched-linux-x86_64 | 4.7.1 | 46.74 | 114.08 | 160.82 | OK | |
r-release-linux-x86_64 | 4.7.1 | 42.56 | 109.58 | 152.14 | OK | |
r-release-macos-arm64 | 4.7.1 | 53.00 | NOTE | |||
r-release-macos-x86_64 | 4.7.1 | 76.00 | OK | |||
r-release-windows-x86_64 | 4.7.1 | 242.00 | 128.00 | 370.00 | OK | |
r-oldrel-macos-arm64 | 4.7.1 | 49.00 | OK | |||
r-oldrel-macos-x86_64 | 4.7.1 | 76.00 | OK | |||
r-oldrel-windows-ix86+x86_64 | 4.7.1 | 148.00 | 150.00 | 298.00 | OK |
Version: 4.7.1
Check: package dependencies
Result: NOTE
Packages suggested but not available for checking:
'graph', 'Rgraphviz', 'gRain'
Flavor: r-release-macos-arm64