Last updated on 2022-05-15 01:52:14 CEST.
Flavor | Version | Tinstall | Tcheck | Ttotal | Status | Flags |
---|---|---|---|---|---|---|
r-devel-linux-x86_64-debian-clang | 0.1.4 | 1.23 | 12.21 | 13.44 | FAIL | |
r-devel-linux-x86_64-debian-gcc | 0.1.4 | 0.83 | 10.10 | 10.93 | ERROR | |
r-devel-linux-x86_64-fedora-clang | 0.1.4 | 13.79 | ERROR | |||
r-devel-linux-x86_64-fedora-gcc | 0.1.4 | 12.99 | ERROR | |||
r-devel-windows-x86_64 | 0.1.4 | 353.00 | 765.00 | 1118.00 | NOTE | |
r-patched-linux-x86_64 | 0.1.4 | 378.39 | 702.31 | 1080.70 | NOTE | |
r-release-linux-x86_64 | 0.1.4 | 0.08 | 13.94 | 14.02 | ERROR | |
r-release-macos-arm64 | 0.1.4 | 417.00 | NOTE | |||
r-release-macos-x86_64 | 0.1.4 | 668.00 | NOTE | |||
r-release-windows-x86_64 | 0.1.4 | 413.00 | 737.00 | 1150.00 | NOTE | |
r-oldrel-macos-arm64 | 0.1.4 | 395.00 | NOTE | |||
r-oldrel-macos-x86_64 | 0.1.4 | 540.00 | NOTE | |||
r-oldrel-windows-ix86+x86_64 | 0.1.4 | 1149.00 | 961.00 | 2110.00 | NOTE |
Version: 0.1.4
Check: package dependencies
Result: FAIL
Flavor: r-devel-linux-x86_64-debian-clang
Version: 0.1.4
Check: package dependencies
Result: ERROR
Package required but not available: ‘spBayes’
Package suggested but not available for checking: ‘INLA’
See section ‘The DESCRIPTION file’ in the ‘Writing R Extensions’
manual.
Flavor: r-devel-linux-x86_64-debian-gcc
Version: 0.1.4
Check: package dependencies
Result: ERROR
Package required but not available: ‘spBayes’
See section ‘The DESCRIPTION file’ in the ‘Writing R Extensions’
manual.
Flavors: r-devel-linux-x86_64-fedora-clang, r-devel-linux-x86_64-fedora-gcc
Version: 0.1.4
Check: package dependencies
Result: NOTE
Package suggested but not available for checking: 'INLA'
Flavors: r-devel-windows-x86_64, r-patched-linux-x86_64, r-release-linux-x86_64, r-release-macos-arm64, r-release-macos-x86_64, r-release-windows-x86_64, r-oldrel-macos-arm64, r-oldrel-macos-x86_64
Version: 0.1.4
Check: installed package size
Result: NOTE
installed size is 9.6Mb
sub-directories of 1Mb or more:
doc 2.7Mb
libs 4.2Mb
Flavors: r-devel-windows-x86_64, r-release-macos-arm64, r-release-macos-x86_64, r-release-windows-x86_64, r-oldrel-macos-arm64, r-oldrel-macos-x86_64, r-oldrel-windows-ix86+x86_64
Version: 0.1.4
Check: for GNU extensions in Makefiles
Result: NOTE
GNU make is a SystemRequirements.
Flavors: r-devel-windows-x86_64, r-patched-linux-x86_64, r-release-macos-arm64, r-release-macos-x86_64, r-release-windows-x86_64, r-oldrel-macos-arm64, r-oldrel-macos-x86_64, r-oldrel-windows-ix86+x86_64
Version: 0.1.4
Check: whether package can be installed
Result: ERROR
Installation failed.
Flavor: r-release-linux-x86_64
Version: 0.1.4
Check: dependencies in R code
Result: NOTE
Namespace in Imports field not imported from: ‘MCMCpack’
All declared Imports should be used.
Flavors: r-release-macos-arm64, r-release-macos-x86_64, r-oldrel-macos-arm64, r-oldrel-macos-x86_64