Last updated on 2022-05-15 01:52:14 CEST.
Flavor | Version | Tinstall | Tcheck | Ttotal | Status | Flags |
---|---|---|---|---|---|---|
r-devel-linux-x86_64-debian-clang | 1.3.12 | 251.28 | 117.34 | 368.62 | NOTE | |
r-devel-linux-x86_64-debian-gcc | 1.3.12 | 217.44 | 95.56 | 313.00 | NOTE | |
r-devel-linux-x86_64-fedora-clang | 1.3.12 | 498.00 | NOTE | |||
r-devel-linux-x86_64-fedora-gcc | 1.3.12 | 512.60 | NOTE | |||
r-devel-windows-x86_64 | 1.3.12 | 172.00 | 186.00 | 358.00 | NOTE | |
r-patched-linux-x86_64 | 1.3.12 | 184.74 | 125.15 | 309.89 | NOTE | |
r-release-linux-x86_64 | 1.3.12 | 186.29 | 122.05 | 308.34 | NOTE | |
r-release-macos-arm64 | 1.3.12 | 134.00 | NOTE | |||
r-release-macos-x86_64 | 1.3.12 | 208.00 | NOTE | |||
r-release-windows-x86_64 | 1.3.12 | 165.00 | 173.00 | 338.00 | NOTE | |
r-oldrel-macos-arm64 | 1.3.12 | 138.00 | NOTE | |||
r-oldrel-macos-x86_64 | 1.3.12 | 162.00 | NOTE | |||
r-oldrel-windows-ix86+x86_64 | 1.3.12 | 288.00 | 145.00 | 433.00 | NOTE |
Version: 1.3.12
Check: for GNU extensions in Makefiles
Result: NOTE
GNU make is a SystemRequirements.
Flavors: r-devel-linux-x86_64-debian-clang, r-devel-linux-x86_64-debian-gcc, r-devel-linux-x86_64-fedora-clang, r-devel-linux-x86_64-fedora-gcc, r-devel-windows-x86_64, r-patched-linux-x86_64, r-release-linux-x86_64, r-release-macos-arm64, r-release-macos-x86_64, r-release-windows-x86_64, r-oldrel-macos-arm64, r-oldrel-macos-x86_64, r-oldrel-windows-ix86+x86_64
Version: 1.3.12
Check: installed package size
Result: NOTE
installed size is 33.6Mb
sub-directories of 1Mb or more:
libs 33.2Mb
Flavors: r-devel-linux-x86_64-fedora-clang, r-release-macos-arm64, r-release-macos-x86_64, r-oldrel-macos-arm64, r-oldrel-macos-x86_64
Version: 1.3.12
Check: dependencies in R code
Result: NOTE
Namespaces in Imports field not imported from:
‘RcppParallel’ ‘rstantools’
All declared Imports should be used.
Flavors: r-devel-linux-x86_64-fedora-clang, r-devel-linux-x86_64-fedora-gcc, r-release-macos-arm64, r-release-macos-x86_64, r-oldrel-macos-arm64, r-oldrel-macos-x86_64