Last updated on 2022-05-15 01:52:14 CEST.
Flavor | Version | Tinstall | Tcheck | Ttotal | Status | Flags |
---|---|---|---|---|---|---|
r-devel-linux-x86_64-debian-clang | 0.1.0 | 741.43 | 150.66 | 892.09 | NOTE | |
r-devel-linux-x86_64-debian-gcc | 0.1.0 | 668.80 | 137.37 | 806.17 | NOTE | |
r-devel-linux-x86_64-fedora-clang | 0.1.0 | 1261.69 | NOTE | |||
r-devel-linux-x86_64-fedora-gcc | 0.1.0 | 1342.91 | NOTE | |||
r-devel-windows-x86_64 | 0.1.0 | 463.00 | 253.00 | 716.00 | NOTE | |
r-patched-linux-x86_64 | 0.1.0 | 650.51 | 182.18 | 832.69 | NOTE | |
r-release-linux-x86_64 | 0.1.0 | 608.52 | 177.59 | 786.11 | NOTE | |
r-release-macos-arm64 | 0.1.0 | 314.00 | NOTE | |||
r-release-macos-x86_64 | 0.1.0 | 559.00 | NOTE | |||
r-release-windows-x86_64 | 0.1.0 | 440.00 | 239.00 | 679.00 | NOTE | |
r-oldrel-macos-arm64 | 0.1.0 | 363.00 | NOTE | |||
r-oldrel-macos-x86_64 | 0.1.0 | 589.00 | NOTE | |||
r-oldrel-windows-ix86+x86_64 | 0.1.0 | 1594.00 | 271.00 | 1865.00 | NOTE |
Version: 0.1.0
Check: for GNU extensions in Makefiles
Result: NOTE
GNU make is a SystemRequirements.
Flavors: r-devel-linux-x86_64-debian-clang, r-devel-linux-x86_64-debian-gcc, r-devel-linux-x86_64-fedora-clang, r-devel-linux-x86_64-fedora-gcc, r-devel-windows-x86_64, r-patched-linux-x86_64, r-release-linux-x86_64, r-release-macos-arm64, r-release-macos-x86_64, r-release-windows-x86_64, r-oldrel-macos-arm64, r-oldrel-macos-x86_64, r-oldrel-windows-ix86+x86_64
Version: 0.1.0
Check: installed package size
Result: NOTE
installed size is 73.4Mb
sub-directories of 1Mb or more:
libs 72.8Mb
Flavors: r-devel-linux-x86_64-fedora-clang, r-devel-windows-x86_64, r-release-macos-arm64, r-release-macos-x86_64, r-release-windows-x86_64, r-oldrel-macos-arm64, r-oldrel-macos-x86_64, r-oldrel-windows-ix86+x86_64
Version: 0.1.0
Check: dependencies in R code
Result: NOTE
Namespaces in Imports field not imported from:
‘RcppParallel’ ‘rstantools’
All declared Imports should be used.
Flavors: r-devel-linux-x86_64-fedora-clang, r-devel-linux-x86_64-fedora-gcc, r-release-macos-arm64, r-release-macos-x86_64, r-oldrel-macos-x86_64