CRAN Package Check Results for Package bltm

Last updated on 2022-05-15 01:52:14 CEST.

Flavor Version Tinstall Tcheck Ttotal Status Flags
r-devel-linux-x86_64-debian-clang 0.1.0 2.96 33.70 36.66 NOTE
r-devel-linux-x86_64-debian-gcc 0.1.0 1.78 25.72 27.50 NOTE
r-devel-linux-x86_64-fedora-clang 0.1.0 44.62 NOTE
r-devel-linux-x86_64-fedora-gcc 0.1.0 42.76 NOTE
r-devel-windows-x86_64 0.1.0 12.00 49.00 61.00 NOTE
r-patched-linux-x86_64 0.1.0 2.92 32.07 34.99 NOTE
r-release-linux-x86_64 0.1.0 2.63 32.15 34.78 NOTE
r-release-macos-arm64 0.1.0 17.00 NOTE
r-release-macos-x86_64 0.1.0 22.00 NOTE
r-release-windows-x86_64 0.1.0 14.00 50.00 64.00 NOTE
r-oldrel-macos-arm64 0.1.0 20.00 NOTE
r-oldrel-macos-x86_64 0.1.0 24.00 NOTE
r-oldrel-windows-ix86+x86_64 0.1.0 6.00 43.00 49.00 NOTE

Check Details

Version: 0.1.0
Check: LazyData
Result: NOTE
     'LazyData' is specified without a 'data' directory
Flavors: r-devel-linux-x86_64-debian-clang, r-devel-linux-x86_64-debian-gcc, r-devel-linux-x86_64-fedora-clang, r-devel-linux-x86_64-fedora-gcc, r-devel-windows-x86_64, r-patched-linux-x86_64, r-release-linux-x86_64, r-release-macos-arm64, r-release-macos-x86_64, r-release-windows-x86_64, r-oldrel-macos-arm64, r-oldrel-macos-x86_64, r-oldrel-windows-ix86+x86_64