Last updated on 2022-05-15 01:52:14 CEST.
Flavor | Version | Tinstall | Tcheck | Ttotal | Status | Flags |
---|---|---|---|---|---|---|
r-devel-linux-x86_64-debian-clang | 1.0-1 | 6.31 | 54.31 | 60.62 | NOTE | |
r-devel-linux-x86_64-debian-gcc | 1.0-1 | 5.44 | 41.13 | 46.57 | NOTE | |
r-devel-linux-x86_64-fedora-clang | 1.0-1 | 75.20 | OK | |||
r-devel-linux-x86_64-fedora-gcc | 1.0-1 | 71.69 | OK | |||
r-devel-windows-x86_64 | 1.0-1 | 17.00 | 68.00 | 85.00 | OK | |
r-patched-linux-x86_64 | 1.0-1 | 5.75 | 52.59 | 58.34 | OK | |
r-release-linux-x86_64 | 1.0-1 | 6.85 | 53.08 | 59.93 | OK | |
r-release-macos-arm64 | 1.0-1 | 25.00 | OK | |||
r-release-macos-x86_64 | 1.0-1 | 32.00 | OK | |||
r-release-windows-x86_64 | 1.0-1 | 16.00 | 69.00 | 85.00 | OK | |
r-oldrel-macos-arm64 | 1.0-1 | 21.00 | OK | |||
r-oldrel-macos-x86_64 | 1.0-1 | 40.00 | OK | |||
r-oldrel-windows-ix86+x86_64 | 1.0-1 | 14.00 | 62.00 | 76.00 | OK |
Version: 1.0-1
Check: HTML version of manual
Result: NOTE
Found the following problems:
blrm.Rd:86:38: Warning: nested emphasis <code>
blrm.Rd:90:38: Warning: nested emphasis <code>
blrm.Rd:94:38: Warning: nested emphasis <code>
blrm.Rd:98:38: Warning: nested emphasis <code>
blrm.Rd:102:38: Warning: nested emphasis <code>
blrm.Rd:106:38: Warning: nested emphasis <code>
Flavors: r-devel-linux-x86_64-debian-clang, r-devel-linux-x86_64-debian-gcc