Last updated on 2022-05-15 01:52:14 CEST.
Flavor | Version | Tinstall | Tcheck | Ttotal | Status | Flags |
---|---|---|---|---|---|---|
r-devel-linux-x86_64-debian-clang | 0.4-3 | 416.47 | 12.66 | 429.13 | FAIL | |
r-devel-linux-x86_64-debian-gcc | 0.4-3 | 267.63 | 170.72 | 438.35 | NOTE | |
r-devel-linux-x86_64-fedora-clang | 0.4-3 | 849.31 | NOTE | |||
r-devel-linux-x86_64-fedora-gcc | 0.4-3 | 746.08 | NOTE | |||
r-devel-windows-x86_64 | 0.4-3 | 246.00 | 238.00 | 484.00 | NOTE | |
r-patched-linux-x86_64 | 0.4-3 | 218.62 | 222.27 | 440.89 | NOTE | |
r-release-linux-x86_64 | 0.4-1 | 0.02 | 12.24 | 12.26 | ERROR | |
r-release-macos-arm64 | 0.4-3 | 191.00 | NOTE | |||
r-release-macos-x86_64 | 0.4-3 | 264.00 | NOTE | |||
r-release-windows-x86_64 | 0.4-3 | 306.00 | 243.00 | 549.00 | NOTE | |
r-oldrel-macos-arm64 | 0.4-3 | 176.00 | NOTE | |||
r-oldrel-macos-x86_64 | 0.4-3 | 259.00 | NOTE | |||
r-oldrel-windows-ix86+x86_64 | 0.4-3 | 395.00 | 308.00 | 703.00 | NOTE |
Version: 0.4-3
Check: package dependencies
Result: FAIL
Flavor: r-devel-linux-x86_64-debian-clang
Version: 0.4-3
Check: package dependencies
Result: NOTE
Package suggested but not available for checking: ‘cmdstanr’
Flavors: r-devel-linux-x86_64-debian-gcc, r-devel-linux-x86_64-fedora-clang, r-devel-linux-x86_64-fedora-gcc, r-devel-windows-x86_64, r-patched-linux-x86_64, r-release-macos-arm64, r-release-macos-x86_64, r-release-windows-x86_64, r-oldrel-macos-arm64, r-oldrel-macos-x86_64, r-oldrel-windows-ix86+x86_64
Version: 0.4-3
Check: for GNU extensions in Makefiles
Result: NOTE
GNU make is a SystemRequirements.
Flavors: r-devel-linux-x86_64-debian-gcc, r-devel-linux-x86_64-fedora-clang, r-devel-linux-x86_64-fedora-gcc, r-devel-windows-x86_64, r-patched-linux-x86_64, r-release-macos-arm64, r-release-macos-x86_64, r-release-windows-x86_64, r-oldrel-macos-arm64, r-oldrel-macos-x86_64, r-oldrel-windows-ix86+x86_64
Version: 0.4-3
Check: installed package size
Result: NOTE
installed size is 57.6Mb
sub-directories of 1Mb or more:
R 1.0Mb
libs 55.7Mb
Flavors: r-devel-linux-x86_64-fedora-clang, r-devel-windows-x86_64, r-release-macos-arm64, r-release-macos-x86_64, r-release-windows-x86_64, r-oldrel-macos-arm64, r-oldrel-macos-x86_64, r-oldrel-windows-ix86+x86_64
Version: 0.4-1
Check: whether package can be installed
Result: ERROR
Installation failed.
Flavor: r-release-linux-x86_64