Last updated on 2022-05-15 01:52:14 CEST.
Flavor | Version | Tinstall | Tcheck | Ttotal | Status | Flags |
---|---|---|---|---|---|---|
r-devel-linux-x86_64-debian-clang | 1.1.32 | 64.13 | 138.41 | 202.54 | NOTE | |
r-devel-linux-x86_64-debian-gcc | 1.1.32 | 55.87 | 106.69 | 162.56 | NOTE | |
r-devel-linux-x86_64-fedora-clang | 1.1.32 | 283.19 | NOTE | |||
r-devel-linux-x86_64-fedora-gcc | 1.1.32 | 255.26 | NOTE | |||
r-devel-windows-x86_64 | 1.1.32 | 97.00 | 174.00 | 271.00 | NOTE | |
r-patched-linux-x86_64 | 1.1.32 | 60.08 | 136.66 | 196.74 | NOTE | |
r-release-linux-x86_64 | 1.1.32 | 48.33 | 135.60 | 183.93 | NOTE | |
r-release-macos-arm64 | 1.1.32 | 68.00 | NOTE | |||
r-release-macos-x86_64 | 1.1.32 | 107.00 | NOTE | |||
r-release-windows-x86_64 | 1.1.32 | 99.00 | 171.00 | 270.00 | NOTE | |
r-oldrel-macos-arm64 | 1.1.32 | 68.00 | NOTE | |||
r-oldrel-macos-x86_64 | 1.1.32 | 122.00 | NOTE | |||
r-oldrel-windows-ix86+x86_64 | 1.1.32 | 156.00 | 192.00 | 348.00 | NOTE |
Version: 1.1.32
Check: LazyData
Result: NOTE
'LazyData' is specified without a 'data' directory
Flavors: r-devel-linux-x86_64-debian-clang, r-devel-linux-x86_64-debian-gcc, r-devel-linux-x86_64-fedora-clang, r-devel-linux-x86_64-fedora-gcc, r-devel-windows-x86_64, r-patched-linux-x86_64, r-release-linux-x86_64, r-release-macos-arm64, r-release-macos-x86_64, r-release-windows-x86_64, r-oldrel-macos-arm64, r-oldrel-macos-x86_64, r-oldrel-windows-ix86+x86_64
Version: 1.1.32
Check: installed package size
Result: NOTE
installed size is 5.8Mb
sub-directories of 1Mb or more:
libs 5.2Mb
Flavors: r-devel-linux-x86_64-fedora-clang, r-release-macos-arm64, r-release-macos-x86_64, r-oldrel-macos-arm64, r-oldrel-macos-x86_64