Last updated on 2022-05-15 01:52:14 CEST.
Flavor | Version | Tinstall | Tcheck | Ttotal | Status | Flags |
---|---|---|---|---|---|---|
r-devel-linux-x86_64-debian-clang | 3.2.1 | 24.55 | 260.29 | 284.84 | OK | |
r-devel-linux-x86_64-debian-gcc | 3.2.1 | 21.31 | 188.99 | 210.30 | OK | |
r-devel-linux-x86_64-fedora-clang | 3.2.1 | 352.52 | NOTE | |||
r-devel-linux-x86_64-fedora-gcc | 3.2.1 | 350.09 | OK | |||
r-devel-windows-x86_64 | 3.2.1 | 81.00 | 277.00 | 358.00 | OK | |
r-patched-linux-x86_64 | 3.2.1 | 28.98 | 249.62 | 278.60 | OK | |
r-release-linux-x86_64 | 3.2.1 | 22.38 | 241.17 | 263.55 | OK | |
r-release-macos-arm64 | 3.2.1 | 79.00 | OK | |||
r-release-macos-x86_64 | 3.2.1 | 155.00 | OK | |||
r-release-windows-x86_64 | 3.2.1 | 56.00 | 261.00 | 317.00 | OK | |
r-oldrel-macos-arm64 | 3.2.1 | 58.00 | OK | |||
r-oldrel-macos-x86_64 | 3.2.1 | 105.00 | OK | |||
r-oldrel-windows-ix86+x86_64 | 3.2.1 | 53.00 | 276.00 | 329.00 | OK |
Version: 3.2.1
Check: package dependencies
Result: NOTE
Imports includes 24 non-default packages.
Importing from so many packages makes the package vulnerable to any of
them becoming unavailable. Move as many as possible to Suggests and
use conditionally.
Flavor: r-devel-linux-x86_64-fedora-clang