CRAN Package Check Results for Package beam

Last updated on 2022-05-15 01:52:14 CEST.

Flavor Version Tinstall Tcheck Ttotal Status Flags
r-devel-linux-x86_64-debian-clang 2.0.2 59.80 99.92 159.72 OK
r-devel-linux-x86_64-debian-gcc 2.0.2 44.25 75.02 119.27 OK
r-devel-linux-x86_64-fedora-clang 2.0.2 203.56 OK
r-devel-linux-x86_64-fedora-gcc 2.0.2 194.37 OK
r-devel-windows-x86_64 2.0.2 62.00 132.00 194.00 OK
r-patched-linux-x86_64 2.0.2 47.01 97.66 144.67 OK
r-release-linux-x86_64 2.0.2 54.05 92.99 147.04 OK
r-release-macos-arm64 2.0.2 52.00 OK
r-release-macos-x86_64 2.0.2 76.00 NOTE
r-release-windows-x86_64 2.0.2 63.00 132.00 195.00 OK
r-oldrel-macos-arm64 2.0.2 60.00 NOTE
r-oldrel-macos-x86_64 2.0.2 103.00 NOTE
r-oldrel-windows-ix86+x86_64 2.0.2 140.00 165.00 305.00 OK

Check Details

Version: 2.0.2
Check: installed package size
Result: NOTE
     installed size is 5.1Mb
     sub-directories of 1Mb or more:
     libs 4.5Mb
Flavors: r-release-macos-x86_64, r-oldrel-macos-arm64, r-oldrel-macos-x86_64