Last updated on 2022-05-15 01:52:14 CEST.
Flavor | Version | Tinstall | Tcheck | Ttotal | Status | Flags |
---|---|---|---|---|---|---|
r-devel-linux-x86_64-debian-clang | 1.0.1.4 | 0.62 | 11.30 | 11.92 | ERROR | |
r-devel-linux-x86_64-debian-gcc | 1.0.1.4 | 0.44 | 8.86 | 9.30 | ERROR | |
r-devel-linux-x86_64-fedora-clang | 1.0.1.4 | 16.08 | ERROR | |||
r-devel-linux-x86_64-fedora-gcc | 1.0.1.4 | 15.30 | ERROR | |||
r-devel-windows-x86_64 | 1.0.1.4 | 27.00 | 65.00 | 92.00 | ERROR | |
r-patched-linux-x86_64 | 1.0.1.4 | 4.36 | 54.24 | 58.60 | OK | |
r-release-linux-x86_64 | 1.0.1.4 | 4.56 | 53.70 | 58.26 | OK | |
r-release-macos-arm64 | 1.0.1.4 | 25.00 | OK | |||
r-release-macos-x86_64 | 1.0.1.4 | 35.00 | OK | |||
r-release-windows-x86_64 | 1.0.1.4 | 15.00 | 69.00 | 84.00 | OK | |
r-oldrel-macos-arm64 | 1.0.1.4 | 31.00 | OK | |||
r-oldrel-macos-x86_64 | 1.0.1.4 | 45.00 | OK | |||
r-oldrel-windows-ix86+x86_64 | 1.0.1.4 | 18.00 | 78.00 | 96.00 | OK |
Version: 1.0.1.4
Check: whether package can be installed
Result: ERROR
Installation failed.
Flavors: r-devel-linux-x86_64-debian-clang, r-devel-linux-x86_64-debian-gcc, r-devel-linux-x86_64-fedora-clang, r-devel-linux-x86_64-fedora-gcc, r-devel-windows-x86_64