Last updated on 2022-05-15 01:52:14 CEST.
Flavor | Version | Tinstall | Tcheck | Ttotal | Status | Flags |
---|---|---|---|---|---|---|
r-devel-linux-x86_64-debian-clang | 0.5.4 | 7.52 | 77.95 | 85.47 | OK | |
r-devel-linux-x86_64-debian-gcc | 0.5.4 | 7.53 | 57.06 | 64.59 | OK | |
r-devel-linux-x86_64-fedora-clang | 0.5.4 | 103.57 | NOTE | |||
r-devel-linux-x86_64-fedora-gcc | 0.5.4 | 98.09 | NOTE | |||
r-devel-windows-x86_64 | 0.5.4 | 20.00 | 86.00 | 106.00 | NOTE | |
r-patched-linux-x86_64 | 0.5.4 | 9.81 | 75.21 | 85.02 | OK | |
r-release-linux-x86_64 | 0.5.4 | 8.12 | 75.54 | 83.66 | OK | |
r-release-macos-arm64 | 0.5.4 | 28.00 | NOTE | |||
r-release-macos-x86_64 | 0.5.4 | 55.00 | NOTE | |||
r-release-windows-x86_64 | 0.5.4 | 17.00 | 87.00 | 104.00 | NOTE | |
r-oldrel-macos-arm64 | 0.5.4 | 38.00 | NOTE | |||
r-oldrel-macos-x86_64 | 0.5.4 | 58.00 | NOTE | |||
r-oldrel-windows-ix86+x86_64 | 0.5.4 | 21.00 | 86.00 | 107.00 | OK |
Version: 0.5.4
Check: dependencies in R code
Result: NOTE
Namespaces in Imports field not imported from:
‘knitr’ ‘rlang’
All declared Imports should be used.
Flavors: r-devel-linux-x86_64-fedora-clang, r-devel-linux-x86_64-fedora-gcc, r-release-macos-arm64, r-release-macos-x86_64, r-oldrel-macos-arm64, r-oldrel-macos-x86_64
Version: 0.5.4
Check: package dependencies
Result: NOTE
Package suggested but not available for checking: 'BRugs'
Flavors: r-devel-windows-x86_64, r-release-macos-arm64, r-release-windows-x86_64, r-oldrel-macos-x86_64
Version: 0.5.4
Check: package dependencies
Result: NOTE
Packages suggested but not available for checking: 'BRugs', 'rjags'
Flavors: r-release-macos-x86_64, r-oldrel-macos-arm64