CRAN Package Check Results for Package bcmaps

Last updated on 2022-05-15 01:52:14 CEST.

Flavor Version Tinstall Tcheck Ttotal Status Flags
r-devel-linux-x86_64-debian-clang 1.0.2 10.43 131.11 141.54 NOTE
r-devel-linux-x86_64-debian-gcc 1.0.2 8.61 94.95 103.56 NOTE
r-devel-linux-x86_64-fedora-clang 1.0.2 170.89 NOTE
r-devel-linux-x86_64-fedora-gcc 1.0.2 155.47 NOTE
r-devel-windows-x86_64 1.0.2 45.00 148.00 193.00 NOTE
r-patched-linux-x86_64 1.0.2 8.70 123.15 131.85 NOTE
r-release-linux-x86_64 1.0.2 9.06 124.49 133.55 NOTE
r-release-macos-arm64 1.0.2 47.00 NOTE
r-release-macos-x86_64 1.0.2 85.00 NOTE
r-release-windows-x86_64 1.0.2 50.00 150.00 200.00 NOTE
r-oldrel-macos-arm64 1.0.2 43.00 NOTE
r-oldrel-macos-x86_64 1.0.2 53.00 NOTE
r-oldrel-windows-ix86+x86_64 1.0.2 22.00 145.00 167.00 NOTE

Check Details

Version: 1.0.2
Check: LazyData
Result: NOTE
     'LazyData' is specified without a 'data' directory
Flavors: r-devel-linux-x86_64-debian-clang, r-devel-linux-x86_64-debian-gcc, r-devel-linux-x86_64-fedora-clang, r-devel-linux-x86_64-fedora-gcc, r-devel-windows-x86_64, r-patched-linux-x86_64, r-release-linux-x86_64, r-release-macos-arm64, r-release-macos-x86_64, r-release-windows-x86_64, r-oldrel-macos-arm64, r-oldrel-macos-x86_64, r-oldrel-windows-ix86+x86_64