Last updated on 2022-05-15 01:52:14 CEST.
Flavor | Version | Tinstall | Tcheck | Ttotal | Status | Flags |
---|---|---|---|---|---|---|
r-devel-linux-x86_64-debian-clang | 1.0.1 | 5.08 | 55.15 | 60.23 | OK | |
r-devel-linux-x86_64-debian-gcc | 1.0.1 | 2.60 | 41.78 | 44.38 | OK | |
r-devel-linux-x86_64-fedora-clang | 1.0.1 | 73.24 | NOTE | |||
r-devel-linux-x86_64-fedora-gcc | 1.0.1 | 71.22 | NOTE | |||
r-devel-windows-x86_64 | 1.0.1 | 25.00 | 93.00 | 118.00 | OK | |
r-patched-linux-x86_64 | 1.0.1 | 4.76 | 52.56 | 57.32 | OK | |
r-release-linux-x86_64 | 1.0.1 | 4.98 | 53.47 | 58.45 | OK | |
r-release-macos-arm64 | 1.0.1 | 29.00 | OK | |||
r-release-macos-x86_64 | 1.0.1 | 34.00 | OK | |||
r-release-windows-x86_64 | 1.0.1 | 37.00 | 99.00 | 136.00 | OK | |
r-oldrel-macos-arm64 | 1.0.1 | 36.00 | OK | |||
r-oldrel-macos-x86_64 | 1.0.1 | 47.00 | OK | |||
r-oldrel-windows-ix86+x86_64 | 1.0.1 | 11.00 | 80.00 | 91.00 | NOTE |
Version: 1.0.1
Check: compiled code
Result: NOTE
File ‘bayesloglin/libs/bayesloglin.so’:
Found no calls to: ‘R_registerRoutines’, ‘R_useDynamicSymbols’
It is good practice to register native routines and to disable symbol
search.
See ‘Writing portable packages’ in the ‘Writing R Extensions’ manual.
Flavors: r-devel-linux-x86_64-fedora-clang, r-devel-linux-x86_64-fedora-gcc
Version: 1.0.1
Check: DESCRIPTION meta-information
Result: NOTE
NeedsCompilation field should likely be 'yes'
Flavor: r-oldrel-windows-ix86+x86_64