Last updated on 2022-05-15 01:52:14 CEST.
Flavor | Version | Tinstall | Tcheck | Ttotal | Status | Flags |
---|---|---|---|---|---|---|
r-devel-linux-x86_64-debian-clang | 1.0.1 | 598.85 | 385.35 | 984.20 | NOTE | |
r-devel-linux-x86_64-debian-gcc | 1.0.1 | 507.62 | 311.91 | 819.53 | NOTE | |
r-devel-linux-x86_64-fedora-clang | 1.0.1 | 1284.65 | NOTE | |||
r-devel-linux-x86_64-fedora-gcc | 1.0.1 | 1410.83 | NOTE | |||
r-devel-windows-x86_64 | 1.0.1 | 461.00 | 469.00 | 930.00 | NOTE | |
r-patched-linux-x86_64 | 1.0.1 | 489.17 | 413.51 | 902.68 | NOTE | |
r-release-linux-x86_64 | 1.0.1 | 425.24 | 414.27 | 839.51 | NOTE | |
r-release-macos-arm64 | 1.0.1 | 316.00 | NOTE | |||
r-release-macos-x86_64 | 1.0.1 | 518.00 | NOTE | |||
r-release-windows-x86_64 | 1.0.1 | 487.00 | 470.00 | 957.00 | NOTE | |
r-oldrel-macos-arm64 | 1.0.1 | 491.00 | NOTE | |||
r-oldrel-macos-x86_64 | 1.0.1 | 371.00 | NOTE | |||
r-oldrel-windows-ix86+x86_64 | 1.0.1 | 1152.00 | 592.00 | 1744.00 | NOTE |
Version: 1.0.1
Check: for GNU extensions in Makefiles
Result: NOTE
GNU make is a SystemRequirements.
Flavors: r-devel-linux-x86_64-debian-clang, r-devel-linux-x86_64-debian-gcc, r-devel-linux-x86_64-fedora-clang, r-devel-linux-x86_64-fedora-gcc, r-devel-windows-x86_64, r-patched-linux-x86_64, r-release-linux-x86_64, r-release-macos-arm64, r-release-macos-x86_64, r-release-windows-x86_64, r-oldrel-macos-arm64, r-oldrel-macos-x86_64, r-oldrel-windows-ix86+x86_64
Version: 1.0.1
Check: installed package size
Result: NOTE
installed size is 55.6Mb
sub-directories of 1Mb or more:
libs 54.1Mb
Flavors: r-devel-linux-x86_64-fedora-clang, r-devel-windows-x86_64, r-release-macos-arm64, r-release-macos-x86_64, r-release-windows-x86_64, r-oldrel-macos-arm64, r-oldrel-macos-x86_64, r-oldrel-windows-ix86+x86_64
Version: 1.0.1
Check: dependencies in R code
Result: NOTE
Namespaces in Imports field not imported from:
‘RcppParallel’ ‘StanHeaders’ ‘astsa’
All declared Imports should be used.
Flavors: r-devel-linux-x86_64-fedora-clang, r-devel-linux-x86_64-fedora-gcc, r-release-macos-arm64, r-release-macos-x86_64, r-oldrel-macos-arm64, r-oldrel-macos-x86_64