Last updated on 2022-05-15 01:52:14 CEST.
Flavor | Version | Tinstall | Tcheck | Ttotal | Status | Flags |
---|---|---|---|---|---|---|
r-devel-linux-x86_64-debian-clang | 0.1.3 | 222.36 | 39.24 | 261.60 | OK | |
r-devel-linux-x86_64-debian-gcc | 0.1.3 | 168.24 | 30.64 | 198.88 | OK | |
r-devel-linux-x86_64-fedora-clang | 0.1.3 | 381.67 | OK | |||
r-devel-linux-x86_64-fedora-gcc | 0.1.3 | 328.61 | OK | |||
r-devel-windows-x86_64 | 0.1.3 | 169.00 | 76.00 | 245.00 | OK | |
r-patched-linux-x86_64 | 0.1.3 | 183.37 | 38.95 | 222.32 | OK | |
r-release-linux-x86_64 | 0.1.3 | 181.22 | 38.81 | 220.03 | OK | |
r-release-macos-arm64 | 0.1.3 | 71.00 | NOTE | |||
r-release-macos-x86_64 | 0.1.3 | 98.00 | NOTE | |||
r-release-windows-x86_64 | 0.1.3 | 202.00 | 82.00 | 284.00 | OK | |
r-oldrel-macos-arm64 | 0.1.3 | 75.00 | NOTE | |||
r-oldrel-macos-x86_64 | 0.1.3 | 144.00 | NOTE | |||
r-oldrel-windows-ix86+x86_64 | 0.1.3 | 518.00 | 82.00 | 600.00 | OK |
Version: 0.1.3
Check: installed package size
Result: NOTE
installed size is 6.4Mb
sub-directories of 1Mb or more:
libs 6.3Mb
Flavors: r-release-macos-arm64, r-release-macos-x86_64, r-oldrel-macos-arm64, r-oldrel-macos-x86_64