Last updated on 2022-05-15 01:52:14 CEST.
Flavor | Version | Tinstall | Tcheck | Ttotal | Status | Flags |
---|---|---|---|---|---|---|
r-devel-linux-x86_64-debian-clang | 0.2.2 | 2.51 | 44.41 | 46.92 | NOTE | |
r-devel-linux-x86_64-debian-gcc | 0.2.2 | 1.99 | 33.02 | 35.01 | NOTE | |
r-devel-linux-x86_64-fedora-clang | 0.2.2 | 55.50 | NOTE | |||
r-devel-linux-x86_64-fedora-gcc | 0.2.2 | 53.90 | NOTE | |||
r-devel-windows-x86_64 | 0.2.2 | 23.00 | 62.00 | 85.00 | NOTE | |
r-patched-linux-x86_64 | 0.2.2 | 4.60 | 42.35 | 46.95 | NOTE | |
r-release-linux-x86_64 | 0.2.2 | 1.99 | 41.34 | 43.33 | NOTE | |
r-release-macos-arm64 | 0.2.2 | 18.00 | NOTE | |||
r-release-macos-x86_64 | 0.2.2 | 27.00 | NOTE | |||
r-release-windows-x86_64 | 0.2.2 | 19.00 | 64.00 | 83.00 | NOTE | |
r-oldrel-macos-arm64 | 0.2.2 | 24.00 | NOTE | |||
r-oldrel-macos-x86_64 | 0.2.2 | 34.00 | NOTE | |||
r-oldrel-windows-ix86+x86_64 | 0.2.2 | 6.00 | 57.00 | 63.00 | NOTE |
Version: 0.2.2
Check: LazyData
Result: NOTE
'LazyData' is specified without a 'data' directory
Flavors: r-devel-linux-x86_64-debian-clang, r-devel-linux-x86_64-debian-gcc, r-devel-linux-x86_64-fedora-clang, r-devel-linux-x86_64-fedora-gcc, r-devel-windows-x86_64, r-patched-linux-x86_64, r-release-linux-x86_64, r-release-macos-arm64, r-release-macos-x86_64, r-release-windows-x86_64, r-oldrel-macos-arm64, r-oldrel-macos-x86_64, r-oldrel-windows-ix86+x86_64