Last updated on 2022-05-15 01:52:14 CEST.
Flavor | Version | Tinstall | Tcheck | Ttotal | Status | Flags |
---|---|---|---|---|---|---|
r-devel-linux-x86_64-debian-clang | 0.1.0 | 7.51 | 299.28 | 306.79 | OK | |
r-devel-linux-x86_64-debian-gcc | 0.1.0 | 5.80 | 213.57 | 219.37 | OK | |
r-devel-linux-x86_64-fedora-clang | 0.1.0 | 349.53 | NOTE | |||
r-devel-linux-x86_64-fedora-gcc | 0.1.0 | 368.82 | NOTE | |||
r-devel-windows-x86_64 | 0.1.0 | 35.00 | 300.00 | 335.00 | OK | |
r-patched-linux-x86_64 | 0.1.0 | 6.96 | 276.26 | 283.22 | OK | |
r-release-linux-x86_64 | 0.1.0 | 5.28 | 272.68 | 277.96 | OK | |
r-release-macos-arm64 | 0.1.0 | 97.00 | NOTE | |||
r-release-macos-x86_64 | 0.1.0 | 151.00 | NOTE | |||
r-release-windows-x86_64 | 0.1.0 | 30.00 | 301.00 | 331.00 | OK | |
r-oldrel-macos-arm64 | 0.1.0 | 90.00 | NOTE | |||
r-oldrel-macos-x86_64 | 0.1.0 | 105.00 | NOTE | |||
r-oldrel-windows-ix86+x86_64 | 0.1.0 | 19.00 | 321.00 | 340.00 | OK |
Version: 0.1.0
Check: dependencies in R code
Result: NOTE
Namespace in Imports field not imported from: ‘vtable’
All declared Imports should be used.
Flavors: r-devel-linux-x86_64-fedora-clang, r-devel-linux-x86_64-fedora-gcc, r-release-macos-arm64, r-release-macos-x86_64, r-oldrel-macos-arm64, r-oldrel-macos-x86_64