Last updated on 2022-05-15 01:52:14 CEST.
Flavor | Version | Tinstall | Tcheck | Ttotal | Status | Flags |
---|---|---|---|---|---|---|
r-devel-linux-x86_64-debian-clang | 1.2 | 58.64 | 50.13 | 108.77 | OK | |
r-devel-linux-x86_64-debian-gcc | 1.2 | 49.55 | 37.95 | 87.50 | OK | |
r-devel-linux-x86_64-fedora-clang | 1.2 | 152.71 | OK | |||
r-devel-linux-x86_64-fedora-gcc | 1.2 | 137.43 | OK | |||
r-devel-windows-x86_64 | 1.2 | 51.00 | 102.00 | 153.00 | OK | |
r-patched-linux-x86_64 | 1.2 | 50.70 | 49.74 | 100.44 | OK | |
r-release-linux-x86_64 | 1.2 | 55.20 | 47.93 | 103.13 | OK | |
r-release-macos-arm64 | 1.2 | 41.00 | NOTE | |||
r-release-macos-x86_64 | 1.2 | 54.00 | NOTE | |||
r-release-windows-x86_64 | 1.2 | 55.00 | 105.00 | 160.00 | OK | |
r-oldrel-macos-arm64 | 1.2 | 49.00 | NOTE | |||
r-oldrel-macos-x86_64 | 1.2 | 84.00 | NOTE | |||
r-oldrel-windows-ix86+x86_64 | 1.2 | 139.00 | 99.00 | 238.00 | OK |
Version: 1.2
Check: installed package size
Result: NOTE
installed size is 5.3Mb
sub-directories of 1Mb or more:
libs 4.4Mb
Flavors: r-release-macos-arm64, r-release-macos-x86_64, r-oldrel-macos-arm64, r-oldrel-macos-x86_64