CRAN Package Check Results for Package bahc

Last updated on 2022-05-15 01:52:14 CEST.

Flavor Version Tinstall Tcheck Ttotal Status Flags
r-devel-linux-x86_64-debian-clang 0.3.0 2.16 31.68 33.84 NOTE
r-devel-linux-x86_64-debian-gcc 0.3.0 1.65 24.70 26.35 NOTE
r-devel-linux-x86_64-fedora-clang 0.3.0 41.97 NOTE
r-devel-linux-x86_64-fedora-gcc 0.3.0 40.18 NOTE
r-devel-windows-x86_64 0.3.0 11.00 51.00 62.00 NOTE
r-patched-linux-x86_64 0.3.0 1.90 31.85 33.75 NOTE
r-release-linux-x86_64 0.3.0 1.78 30.69 32.47 NOTE
r-release-macos-arm64 0.3.0 17.00 NOTE
r-release-macos-x86_64 0.3.0 21.00 NOTE
r-release-windows-x86_64 0.3.0 10.00 52.00 62.00 NOTE
r-oldrel-macos-arm64 0.3.0 21.00 NOTE
r-oldrel-macos-x86_64 0.3.0 27.00 NOTE
r-oldrel-windows-ix86+x86_64 0.3.0 5.00 37.00 42.00 NOTE

Check Details

Version: 0.3.0
Check: LazyData
Result: NOTE
     'LazyData' is specified without a 'data' directory
Flavors: r-devel-linux-x86_64-debian-clang, r-devel-linux-x86_64-debian-gcc, r-devel-linux-x86_64-fedora-clang, r-devel-linux-x86_64-fedora-gcc, r-devel-windows-x86_64, r-patched-linux-x86_64, r-release-linux-x86_64, r-release-macos-arm64, r-release-macos-x86_64, r-release-windows-x86_64, r-oldrel-macos-arm64, r-oldrel-macos-x86_64, r-oldrel-windows-ix86+x86_64