Last updated on 2022-05-15 01:52:13 CEST.
Flavor | Version | Tinstall | Tcheck | Ttotal | Status | Flags |
---|---|---|---|---|---|---|
r-devel-linux-x86_64-debian-clang | 1.0 | 5.40 | 68.97 | 74.37 | NOTE | |
r-devel-linux-x86_64-debian-gcc | 1.0 | 3.72 | 49.90 | 53.62 | NOTE | |
r-devel-linux-x86_64-fedora-clang | 1.0 | 87.21 | NOTE | |||
r-devel-linux-x86_64-fedora-gcc | 1.0 | 86.74 | NOTE | |||
r-devel-windows-x86_64 | 1.0 | 21.00 | 88.00 | 109.00 | NOTE | |
r-patched-linux-x86_64 | 1.0 | 4.37 | 66.62 | 70.99 | NOTE | |
r-release-linux-x86_64 | 1.0 | 4.20 | 66.97 | 71.17 | NOTE | |
r-release-macos-arm64 | 1.0 | 22.00 | NOTE | |||
r-release-macos-x86_64 | 1.0 | 36.00 | NOTE | |||
r-release-windows-x86_64 | 1.0 | 21.00 | 84.00 | 105.00 | NOTE | |
r-oldrel-macos-arm64 | 1.0 | 30.00 | NOTE | |||
r-oldrel-macos-x86_64 | 1.0 | 48.00 | NOTE | |||
r-oldrel-windows-ix86+x86_64 | 1.0 | 9.00 | 67.00 | 76.00 | NOTE |
Version: 1.0
Check: R code for possible problems
Result: NOTE
.generateTransform: no visible global function definition for 'sd'
.generateUnitHyperCube: no visible global function definition for
'runif'
.makeBoundedSingleStep: no visible global function definition for
'runif'
.makeBoundedStep: no visible global function definition for 'runif'
.makeStep: no visible global function definition for 'runif'
.staircaseSampling: no visible global function definition for 'runif'
GaussianPrior: no visible global function definition for 'qnorm'
LogNormalPrior: no visible global function definition for 'qnorm'
Undefined global functions or variables:
qnorm runif sd
Consider adding
importFrom("stats", "qnorm", "runif", "sd")
to your NAMESPACE file.
Flavors: r-devel-linux-x86_64-debian-clang, r-devel-linux-x86_64-debian-gcc, r-devel-linux-x86_64-fedora-clang, r-devel-linux-x86_64-fedora-gcc, r-devel-windows-x86_64, r-patched-linux-x86_64, r-release-linux-x86_64, r-release-macos-arm64, r-release-macos-x86_64, r-release-windows-x86_64, r-oldrel-macos-arm64, r-oldrel-macos-x86_64, r-oldrel-windows-ix86+x86_64