Last updated on 2022-05-15 01:52:13 CEST.
Flavor | Version | Tinstall | Tcheck | Ttotal | Status | Flags |
---|---|---|---|---|---|---|
r-devel-linux-x86_64-debian-clang | 1.4.5 | 94.39 | 336.98 | 431.37 | NOTE | |
r-devel-linux-x86_64-debian-gcc | 1.4.5 | 79.81 | 228.62 | 308.43 | NOTE | |
r-devel-linux-x86_64-fedora-clang | 1.4.5 | 910.05 | NOTE | |||
r-devel-linux-x86_64-fedora-gcc | 1.4.5 | 825.34 | NOTE | |||
r-devel-windows-x86_64 | 1.4.5 | 76.00 | 207.00 | 283.00 | NOTE | |
r-patched-linux-x86_64 | 1.4.5 | 86.39 | 391.72 | 478.11 | NOTE | |
r-release-linux-x86_64 | 1.4.5 | 81.69 | 358.87 | 440.56 | NOTE | |
r-release-macos-arm64 | 1.4.5 | 512.00 | NOTE | |||
r-release-macos-x86_64 | 1.4.5 | 1803.00 | NOTE | |||
r-release-windows-x86_64 | 1.4.5 | 79.00 | 218.00 | 297.00 | NOTE | |
r-oldrel-macos-arm64 | 1.4.5 | 1803.00 | FAIL | |||
r-oldrel-macos-x86_64 | 1.4.5 | 1476.00 | WARN | |||
r-oldrel-windows-ix86+x86_64 | 1.4.5 | 234.00 | 250.00 | 484.00 | NOTE |
Version: 1.4.5
Check: for GNU extensions in Makefiles
Result: NOTE
GNU make is a SystemRequirements.
Flavors: r-devel-linux-x86_64-debian-clang, r-devel-linux-x86_64-debian-gcc, r-devel-linux-x86_64-fedora-clang, r-devel-linux-x86_64-fedora-gcc, r-devel-windows-x86_64, r-patched-linux-x86_64, r-release-linux-x86_64, r-release-macos-arm64, r-release-macos-x86_64, r-release-windows-x86_64, r-oldrel-macos-arm64, r-oldrel-macos-x86_64, r-oldrel-windows-ix86+x86_64
Version: 1.4.5
Check: installed package size
Result: NOTE
installed size is 5.1Mb
sub-directories of 1Mb or more:
libs 4.9Mb
Flavor: r-oldrel-macos-arm64
Version: 1.4.5
Check: re-building of vignette outputs
Result: FAIL
Flavor: r-oldrel-macos-arm64
Version: 1.4.5
Check: re-building of vignette outputs
Result: WARN
Error(s) in re-building vignettes:
...
--- re-building ‘autocart-intro.Rmd’ using rmarkdown
Loading required package: fields
Loading required package: spam
Spam version 2.8-0 (2022-01-05) is loaded.
Type 'help( Spam)' or 'demo( spam)' for a short introduction
and overview of this package.
Help for individual functions is also obtained by adding the
suffix '.spam' to the function name, e.g. 'help( chol.spam)'.
Attaching package: 'spam'
The following objects are masked from 'package:base':
backsolve, forwardsolve
Loading required package: viridis
Loading required package: viridisLite
Try help(fields) to get started.
Loading required package: mgcv
Loading required package: nlme
This is mgcv 1.8-40. For overview type 'help("mgcv-package")'.
Flavor: r-oldrel-macos-x86_64