Last updated on 2022-05-15 01:52:13 CEST.
Flavor | Version | Tinstall | Tcheck | Ttotal | Status | Flags |
---|---|---|---|---|---|---|
r-devel-linux-x86_64-debian-clang | 1.4.3 | 72.06 | 153.65 | 225.71 | OK | |
r-devel-linux-x86_64-debian-gcc | 1.4.3 | 56.48 | 113.58 | 170.06 | OK | |
r-devel-linux-x86_64-fedora-clang | 1.4.3 | 314.53 | NOTE | |||
r-devel-linux-x86_64-fedora-gcc | 1.4.3 | 282.19 | OK | |||
r-devel-windows-x86_64 | 1.4.3 | 63.00 | 175.00 | 238.00 | OK | |
r-patched-linux-x86_64 | 1.4.3 | 57.89 | 146.61 | 204.50 | OK | |
r-release-linux-x86_64 | 1.4.3 | 52.76 | 147.05 | 199.81 | OK | |
r-release-macos-arm64 | 1.4.3 | 69.00 | NOTE | |||
r-release-macos-x86_64 | 1.4.3 | 118.00 | NOTE | |||
r-release-windows-x86_64 | 1.4.3 | 70.00 | 170.00 | 240.00 | OK | |
r-oldrel-macos-arm64 | 1.4.3 | 82.00 | NOTE | |||
r-oldrel-macos-x86_64 | 1.4.3 | 103.00 | NOTE | |||
r-oldrel-windows-ix86+x86_64 | 1.4.3 | 150.00 | 205.00 | 355.00 | OK |
Version: 1.4.3
Check: installed package size
Result: NOTE
installed size is 15.2Mb
sub-directories of 1Mb or more:
libs 14.9Mb
Flavors: r-devel-linux-x86_64-fedora-clang, r-release-macos-arm64, r-release-macos-x86_64, r-oldrel-macos-arm64, r-oldrel-macos-x86_64