CRAN Package Check Results for Package attempt

Last updated on 2022-05-15 01:52:13 CEST.

Flavor Version Tinstall Tcheck Ttotal Status Flags
r-devel-linux-x86_64-debian-clang 0.3.1 2.09 47.32 49.41 NOTE
r-devel-linux-x86_64-debian-gcc 0.3.1 2.28 36.23 38.51 NOTE
r-devel-linux-x86_64-fedora-clang 0.3.1 60.83 NOTE
r-devel-linux-x86_64-fedora-gcc 0.3.1 57.52 NOTE
r-devel-windows-x86_64 0.3.1 25.00 77.00 102.00 NOTE
r-patched-linux-x86_64 0.3.1 2.87 44.85 47.72 NOTE
r-release-linux-x86_64 0.3.1 2.55 45.10 47.65 NOTE
r-release-macos-arm64 0.3.1 22.00 NOTE
r-release-macos-x86_64 0.3.1 34.00 NOTE
r-release-windows-x86_64 0.3.1 25.00 79.00 104.00 NOTE
r-oldrel-macos-arm64 0.3.1 24.00 NOTE
r-oldrel-macos-x86_64 0.3.1 38.00 NOTE
r-oldrel-windows-ix86+x86_64 0.3.1 14.00 63.00 77.00 NOTE

Check Details

Version: 0.3.1
Check: LazyData
Result: NOTE
     'LazyData' is specified without a 'data' directory
Flavors: r-devel-linux-x86_64-debian-clang, r-devel-linux-x86_64-debian-gcc, r-devel-linux-x86_64-fedora-clang, r-devel-linux-x86_64-fedora-gcc, r-devel-windows-x86_64, r-patched-linux-x86_64, r-release-linux-x86_64, r-release-macos-arm64, r-release-macos-x86_64, r-release-windows-x86_64, r-oldrel-macos-arm64, r-oldrel-macos-x86_64, r-oldrel-windows-ix86+x86_64