Last updated on 2022-05-15 01:52:13 CEST.
Flavor | Version | Tinstall | Tcheck | Ttotal | Status | Flags |
---|---|---|---|---|---|---|
r-devel-linux-x86_64-debian-clang | 1.1-0 | 3.56 | 40.71 | 44.27 | NOTE | |
r-devel-linux-x86_64-debian-gcc | 1.1-0 | 2.69 | 31.33 | 34.02 | NOTE | |
r-devel-linux-x86_64-fedora-clang | 1.1-0 | 53.20 | NOTE | |||
r-devel-linux-x86_64-fedora-gcc | 1.1-0 | 51.83 | NOTE | |||
r-devel-windows-x86_64 | 1.1-0 | 46.00 | 62.00 | 108.00 | NOTE | |
r-patched-linux-x86_64 | 1.1-0 | 2.62 | 40.05 | 42.67 | NOTE | |
r-release-linux-x86_64 | 1.1-0 | 3.28 | 39.51 | 42.79 | NOTE | |
r-release-macos-arm64 | 1.1-0 | 21.00 | NOTE | |||
r-release-macos-x86_64 | 1.1-0 | 26.00 | NOTE | |||
r-release-windows-x86_64 | 1.1-0 | 45.00 | 68.00 | 113.00 | NOTE | |
r-oldrel-macos-arm64 | 1.1-0 | 23.00 | NOTE | |||
r-oldrel-macos-x86_64 | 1.1-0 | 36.00 | NOTE | |||
r-oldrel-windows-ix86+x86_64 | 1.1-0 | 9.00 | 52.00 | 61.00 | NOTE |
Version: 1.1-0
Check: LazyData
Result: NOTE
'LazyData' is specified without a 'data' directory
Flavors: r-devel-linux-x86_64-debian-clang, r-devel-linux-x86_64-debian-gcc, r-devel-linux-x86_64-fedora-clang, r-devel-linux-x86_64-fedora-gcc, r-devel-windows-x86_64, r-patched-linux-x86_64, r-release-linux-x86_64, r-release-macos-arm64, r-release-macos-x86_64, r-release-windows-x86_64, r-oldrel-macos-arm64, r-oldrel-macos-x86_64, r-oldrel-windows-ix86+x86_64