Last updated on 2022-05-15 01:52:13 CEST.
Flavor | Version | Tinstall | Tcheck | Ttotal | Status | Flags |
---|---|---|---|---|---|---|
r-devel-linux-x86_64-debian-clang | 3.2.2 | 29.48 | 202.94 | 232.42 | NOTE | |
r-devel-linux-x86_64-debian-gcc | 3.2.2 | 22.86 | 152.50 | 175.36 | NOTE | |
r-devel-linux-x86_64-fedora-clang | 3.2.2 | 273.90 | NOTE | |||
r-devel-linux-x86_64-fedora-gcc | 3.2.2 | 271.47 | NOTE | |||
r-devel-windows-x86_64 | 3.2.2 | 505.00 | 205.00 | 710.00 | NOTE | |
r-patched-linux-x86_64 | 3.2.2 | 37.02 | 198.10 | 235.12 | NOTE | |
r-release-linux-x86_64 | 3.2.2 | 26.90 | 193.20 | 220.10 | NOTE | |
r-release-macos-arm64 | 3.2.2 | 72.00 | NOTE | |||
r-release-macos-x86_64 | 3.2.2 | 94.00 | NOTE | |||
r-release-windows-x86_64 | 3.2.2 | 481.00 | 215.00 | 696.00 | NOTE | |
r-oldrel-macos-arm64 | 3.2.2 | 103.00 | NOTE | |||
r-oldrel-macos-x86_64 | 3.2.2 | 1803.00 | NOTE | |||
r-oldrel-windows-ix86+x86_64 | 3.2.2 | 56.00 | 204.00 | 260.00 | NOTE |
Version: 3.2.2
Check: package dependencies
Result: NOTE
Packages suggested but not available for checking:
'sfit', 'expectile', 'HaarSeg', 'mpcbs'
Flavors: r-devel-linux-x86_64-debian-clang, r-devel-linux-x86_64-debian-gcc, r-devel-linux-x86_64-fedora-clang, r-devel-linux-x86_64-fedora-gcc, r-devel-windows-x86_64, r-patched-linux-x86_64, r-release-linux-x86_64, r-release-macos-arm64, r-release-macos-x86_64, r-release-windows-x86_64, r-oldrel-windows-ix86+x86_64
Version: 3.2.2
Check: package dependencies
Result: NOTE
Packages suggested but not available for checking:
'GLAD', 'sfit', 'expectile', 'HaarSeg', 'mpcbs'
Flavors: r-oldrel-macos-arm64, r-oldrel-macos-x86_64
Version: 3.2.2
Check: Rd cross-references
Result: NOTE
Package unavailable to check Rd xrefs: ‘GLAD’
Flavor: r-oldrel-macos-arm64