Last updated on 2022-05-15 01:52:13 CEST.
Flavor | Version | Tinstall | Tcheck | Ttotal | Status | Flags |
---|---|---|---|---|---|---|
r-devel-linux-x86_64-debian-clang | 1.6.1 | 13.04 | 99.51 | 112.55 | OK | |
r-devel-linux-x86_64-debian-gcc | 1.6.1 | 9.14 | 73.92 | 83.06 | OK | |
r-devel-linux-x86_64-fedora-clang | 1.6.1 | 132.46 | OK | |||
r-devel-linux-x86_64-fedora-gcc | 1.6.1 | 129.33 | OK | |||
r-devel-windows-x86_64 | 1.6.1 | 274.00 | 115.00 | 389.00 | OK | |
r-patched-linux-x86_64 | 1.6.1 | 12.03 | 96.05 | 108.08 | OK | |
r-release-linux-x86_64 | 1.6.1 | 11.48 | 93.01 | 104.49 | OK | |
r-release-macos-arm64 | 1.6.1 | 39.00 | OK | |||
r-release-macos-x86_64 | 1.6.1 | 63.00 | OK | |||
r-release-windows-x86_64 | 1.6.1 | 230.00 | 117.00 | 347.00 | OK | |
r-oldrel-macos-arm64 | 1.6.1 | 48.00 | NOTE | |||
r-oldrel-macos-x86_64 | 1.6.1 | 54.00 | NOTE | |||
r-oldrel-windows-ix86+x86_64 | 1.6.1 | 26.00 | 106.00 | 132.00 | OK |
Version: 1.6.1
Check: package dependencies
Result: NOTE
Package suggested but not available for checking: ‘GLAD’
Flavors: r-oldrel-macos-arm64, r-oldrel-macos-x86_64