Last updated on 2022-05-15 01:52:13 CEST.
Flavor | Version | Tinstall | Tcheck | Ttotal | Status | Flags |
---|---|---|---|---|---|---|
r-devel-linux-x86_64-debian-clang | 0.4-1.1 | 8.57 | 92.09 | 100.66 | NOTE | |
r-devel-linux-x86_64-debian-gcc | 0.4-1.1 | 9.15 | 70.28 | 79.43 | NOTE | |
r-devel-linux-x86_64-fedora-clang | 0.4-1.1 | 122.83 | NOTE | |||
r-devel-linux-x86_64-fedora-gcc | 0.4-1.1 | 119.11 | NOTE | |||
r-devel-windows-x86_64 | 0.4-1.1 | 21.00 | 103.00 | 124.00 | NOTE | |
r-patched-linux-x86_64 | 0.4-1.1 | 10.97 | 87.61 | 98.58 | NOTE | |
r-release-linux-x86_64 | 0.4-1.1 | 9.64 | 89.17 | 98.81 | NOTE | |
r-release-macos-arm64 | 0.4-1.1 | 36.00 | NOTE | |||
r-release-macos-x86_64 | 0.4-1.1 | 57.00 | NOTE | |||
r-release-windows-x86_64 | 0.4-1.1 | 21.00 | 105.00 | 126.00 | NOTE | |
r-oldrel-macos-arm64 | 0.4-1.1 | 39.00 | NOTE | |||
r-oldrel-macos-x86_64 | 0.4-1.1 | 57.00 | NOTE | |||
r-oldrel-windows-ix86+x86_64 | 0.4-1.1 | 23.00 | 97.00 | 120.00 | NOTE |
Version: 0.4-1.1
Check: dependencies in R code
Result: NOTE
Packages in Depends field not imported from:
'boot' 'lme4'
These packages need to be imported from (in the NAMESPACE file)
for when this namespace is loaded but not attached.
Flavors: r-devel-linux-x86_64-debian-clang, r-devel-linux-x86_64-debian-gcc, r-devel-linux-x86_64-fedora-clang, r-devel-linux-x86_64-fedora-gcc, r-devel-windows-x86_64, r-patched-linux-x86_64, r-release-linux-x86_64, r-release-macos-arm64, r-release-macos-x86_64, r-release-windows-x86_64, r-oldrel-macos-arm64, r-oldrel-macos-x86_64, r-oldrel-windows-ix86+x86_64
Version: 0.4-1.1
Check: HTML version of manual
Result: NOTE
Found the following problems:
salmonella.Rd:55:50: Warning: nested emphasis <em>
Flavors: r-devel-linux-x86_64-debian-clang, r-devel-linux-x86_64-debian-gcc