CRAN Package Check Results for Package amanida

Last updated on 2022-05-15 01:52:13 CEST.

Flavor Version Tinstall Tcheck Ttotal Status Flags
r-devel-linux-x86_64-debian-clang 0.2.3 14.05 153.23 167.28 OK
r-devel-linux-x86_64-debian-gcc 0.2.3 10.12 114.91 125.03 OK
r-devel-linux-x86_64-fedora-clang 0.2.3 162.53 NOTE
r-devel-linux-x86_64-fedora-gcc 0.2.3 155.76 NOTE
r-devel-windows-x86_64 0.2.3 31.00 138.00 169.00 NOTE
r-patched-linux-x86_64 0.2.3 11.42 148.79 160.21 OK
r-release-linux-x86_64 0.2.3 9.37 147.73 157.10 OK
r-release-macos-arm64 0.2.3 50.00 NOTE
r-release-macos-x86_64 0.2.3 75.00 NOTE
r-release-windows-x86_64 0.2.3 25.00 137.00 162.00 NOTE
r-oldrel-macos-arm64 0.2.3 44.00 NOTE
r-oldrel-macos-x86_64 0.2.3 58.00 NOTE
r-oldrel-windows-ix86+x86_64 0.2.3 29.00 131.00 160.00 NOTE

Check Details

Version: 0.2.3
Check: package dependencies
Result: NOTE
    Package suggested but not available for checking: ‘metaboliteIDmapping’
Flavors: r-devel-linux-x86_64-fedora-clang, r-devel-linux-x86_64-fedora-gcc, r-devel-windows-x86_64, r-release-macos-arm64, r-release-macos-x86_64, r-release-windows-x86_64, r-oldrel-macos-arm64, r-oldrel-macos-x86_64, r-oldrel-windows-ix86+x86_64

Version: 0.2.3
Check: dependencies in R code
Result: NOTE
    Namespace in Imports field not imported from: ‘magrittr’
     All declared Imports should be used.
Flavors: r-devel-linux-x86_64-fedora-clang, r-devel-linux-x86_64-fedora-gcc, r-release-macos-arm64, r-release-macos-x86_64, r-oldrel-macos-arm64, r-oldrel-macos-x86_64