CRAN Package Check Results for Package ajv

Last updated on 2022-05-15 01:52:13 CEST.

Flavor Version Tinstall Tcheck Ttotal Status Flags
r-devel-linux-x86_64-debian-clang 1.0.0 2.66 43.14 45.80 NOTE
r-devel-linux-x86_64-debian-gcc 1.0.0 2.23 32.92 35.15 NOTE
r-devel-linux-x86_64-fedora-clang 1.0.0 55.52 NOTE
r-devel-linux-x86_64-fedora-gcc 1.0.0 57.30 NOTE
r-devel-windows-x86_64 1.0.0 12.00 59.00 71.00 NOTE
r-patched-linux-x86_64 1.0.0 3.05 41.46 44.51 NOTE
r-release-linux-x86_64 1.0.0 1.81 40.66 42.47 NOTE
r-release-macos-arm64 1.0.0 21.00 NOTE
r-release-macos-x86_64 1.0.0 27.00 NOTE
r-release-windows-x86_64 1.0.0 16.00 61.00 77.00 NOTE
r-oldrel-macos-arm64 1.0.0 24.00 NOTE
r-oldrel-macos-x86_64 1.0.0 34.00 NOTE
r-oldrel-windows-ix86+x86_64 1.0.0 10.00 66.00 76.00 NOTE

Check Details

Version: 1.0.0
Check: LazyData
Result: NOTE
     'LazyData' is specified without a 'data' directory
Flavors: r-devel-linux-x86_64-debian-clang, r-devel-linux-x86_64-debian-gcc, r-devel-linux-x86_64-fedora-clang, r-devel-linux-x86_64-fedora-gcc, r-devel-windows-x86_64, r-patched-linux-x86_64, r-release-linux-x86_64, r-release-macos-arm64, r-release-macos-x86_64, r-release-windows-x86_64, r-oldrel-macos-arm64, r-oldrel-macos-x86_64, r-oldrel-windows-ix86+x86_64