CRAN Package Check Results for Package airGRteaching

Last updated on 2022-05-15 01:52:13 CEST.

Flavor Version Tinstall Tcheck Ttotal Status Flags
r-devel-linux-x86_64-debian-clang 0.2.13 5.82 77.64 83.46 OK
r-devel-linux-x86_64-debian-gcc 0.2.13 5.16 58.43 63.59 OK
r-devel-linux-x86_64-fedora-clang 0.2.13 100.52 OK
r-devel-linux-x86_64-fedora-gcc 0.2.13 94.77 OK
r-devel-windows-x86_64 0.2.13 116.00 106.00 222.00 OK
r-patched-linux-x86_64 0.2.13 5.52 75.42 80.94 OK
r-release-linux-x86_64 0.2.13 6.79 74.47 81.26 OK
r-release-macos-arm64 0.2.13 33.00 OK
r-release-macos-x86_64 0.2.13 56.00 ERROR
r-release-windows-x86_64 0.2.13 217.00 102.00 319.00 OK
r-oldrel-macos-arm64 0.2.13 33.00 OK
r-oldrel-macos-x86_64 0.2.13 49.00 ERROR
r-oldrel-windows-ix86+x86_64 0.2.13 18.00 92.00 110.00 OK

Check Details

Version: 0.2.13
Check: tests
Result: ERROR
     Running ‘testthat.R’ [1s/1s]
    Running the tests in ‘tests/testthat.R’ failed.
    Last 13 lines of output:
     Error in `SimGR(PrepGR = PrepTotNA, Param = c(270.426, 0.984, 108.853,
     2.149), EffCrit = "KGE2", WupPer = c("1994-01-01", "1994-12-31"),
     SimPer = c("1995-01-01", "1998-12-31"))`: Non convenient date for the warm-up period "WupPer"
     Backtrace:
     ▆
     1. ├─testthat::expect_warning(...) at test-SimGR.R:28:2
     2. │ └─testthat:::quasi_capture(enquo(object), label, capture_warnings)
     3. │ ├─testthat .capture(...)
     4. │ │ └─base::withCallingHandlers(...)
     5. │ └─rlang::eval_bare(quo_get_expr(.quo), quo_get_env(.quo))
     6. └─airGRteaching::SimGR(...)
    
     [ FAIL 1 | WARN 0 | SKIP 0 | PASS 3 ]
     Error: Test failures
     Execution halted
Flavors: r-release-macos-x86_64, r-oldrel-macos-x86_64