Last updated on 2022-05-15 01:52:13 CEST.
Flavor | Version | Tinstall | Tcheck | Ttotal | Status | Flags |
---|---|---|---|---|---|---|
r-devel-linux-x86_64-debian-clang | 0.5-3 | 9.94 | 106.76 | 116.70 | OK | |
r-devel-linux-x86_64-debian-gcc | 0.5-3 | 9.97 | 80.12 | 90.09 | OK | |
r-devel-linux-x86_64-fedora-clang | 0.5-3 | 139.71 | NOTE | |||
r-devel-linux-x86_64-fedora-gcc | 0.5-3 | 136.38 | OK | |||
r-devel-windows-x86_64 | 0.5-3 | 19.00 | 116.00 | 135.00 | OK | |
r-patched-linux-x86_64 | 0.5-3 | 11.54 | 101.78 | 113.32 | OK | |
r-release-linux-x86_64 | 0.5-3 | 12.06 | 103.47 | 115.53 | OK | |
r-release-macos-arm64 | 0.5-3 | 47.00 | OK | |||
r-release-macos-x86_64 | 0.5-3 | 60.00 | OK | |||
r-release-windows-x86_64 | 0.5-3 | 17.00 | 115.00 | 132.00 | OK | |
r-oldrel-macos-arm64 | 0.5-3 | 30.00 | OK | |||
r-oldrel-macos-x86_64 | 0.5-3 | 67.00 | OK | |||
r-oldrel-windows-ix86+x86_64 | 0.5-3 | 27.00 | 110.00 | 137.00 | OK |
Version: 0.5-3
Check: Rd cross-references
Result: NOTE
Undeclared packages ‘epiR’, ‘cccrm’ in Rd xrefs
Flavor: r-devel-linux-x86_64-fedora-clang