CRAN Package Check Results for Package abglasso

Last updated on 2022-05-15 01:52:13 CEST.

Flavor Version Tinstall Tcheck Ttotal Status Flags
r-devel-linux-x86_64-debian-clang 0.1.1 1.38 32.27 33.65 OK
r-devel-linux-x86_64-debian-gcc 0.1.1 1.56 25.44 27.00 OK
r-devel-linux-x86_64-fedora-clang 0.1.1 43.24 NOTE
r-devel-linux-x86_64-fedora-gcc 0.1.1 41.94 NOTE
r-devel-windows-x86_64 0.1.1 8.00 48.00 56.00 OK
r-patched-linux-x86_64 0.1.1 1.62 31.51 33.13 OK
r-release-linux-x86_64 0.1.1 2.04 30.89 32.93 OK
r-release-macos-arm64 0.1.1 15.00 NOTE
r-release-macos-x86_64 0.1.1 22.00 NOTE
r-release-windows-x86_64 0.1.1 8.00 49.00 57.00 OK
r-oldrel-macos-arm64 0.1.1 17.00 NOTE
r-oldrel-macos-x86_64 0.1.1 22.00 NOTE
r-oldrel-windows-ix86+x86_64 0.1.1 4.00 41.00 45.00 OK

Check Details

Version: 0.1.1
Check: dependencies in R code
Result: NOTE
    Namespace in Imports field not imported from: ‘MASS’
     All declared Imports should be used.
Flavors: r-devel-linux-x86_64-fedora-clang, r-devel-linux-x86_64-fedora-gcc, r-release-macos-arm64, r-release-macos-x86_64, r-oldrel-macos-arm64, r-oldrel-macos-x86_64