Last updated on 2022-05-15 01:52:34 CEST.
Flavor | Version | Tinstall | Tcheck | Ttotal | Status | Flags |
---|---|---|---|---|---|---|
r-devel-linux-x86_64-debian-clang | 3.99-0.9 | 26.75 | 102.11 | 128.86 | OK | |
r-devel-linux-x86_64-debian-gcc | 3.99-0.9 | 17.86 | 74.07 | 91.93 | OK | |
r-devel-linux-x86_64-fedora-clang | 3.99-0.9 | 149.97 | OK | |||
r-devel-linux-x86_64-fedora-gcc | 3.99-0.9 | 145.99 | OK | |||
r-devel-windows-x86_64 | 3.99-0.9 | 177.00 | 155.00 | 332.00 | WARN | |
r-patched-linux-x86_64 | 3.99-0.9 | 27.67 | 92.50 | 120.17 | OK | |
r-release-linux-x86_64 | 3.99-0.9 | 23.11 | 92.88 | 115.99 | OK | |
r-release-macos-arm64 | 3.99-0.9 | 43.00 | OK | |||
r-release-macos-x86_64 | 3.99-0.9 | 63.00 | OK | |||
r-release-windows-x86_64 | 3.99-0.9 | 70.00 | 151.00 | 221.00 | WARN | |
r-oldrel-macos-arm64 | 3.99-0.9 | 65.00 | NOTE | |||
r-oldrel-macos-x86_64 | 3.99-0.9 | 81.00 | OK | |||
r-oldrel-windows-ix86+x86_64 | 3.99-0.9 | 52.00 | 140.00 | 192.00 | NOTE |
Version: 3.99-0.9
Check: installed package size
Result: NOTE
installed size is 5.2Mb
sub-directories of 1Mb or more:
exampleData 1.3Mb
libs 2.2Mb
Flavors: r-devel-windows-x86_64, r-release-windows-x86_64, r-oldrel-macos-arm64, r-oldrel-windows-ix86+x86_64
Version: 3.99-0.9
Check: PDF version of manual
Result: WARN
LaTeX errors when creating PDF version.
This typically indicates Rd problems.
LaTeX errors found:
! xmlSApply(node, function(x)
[]
[142] [143]
Package textcomp Info: Symbol \textasciigrave not provided by
Flavors: r-devel-windows-x86_64, r-release-windows-x86_64