Last updated on 2022-05-15 01:52:34 CEST.
Flavor | Version | Tinstall | Tcheck | Ttotal | Status | Flags |
---|---|---|---|---|---|---|
r-devel-linux-x86_64-debian-clang | 0.0.1 | 8.54 | 95.95 | 104.49 | NOTE | |
r-devel-linux-x86_64-debian-gcc | 0.0.1 | 6.88 | 73.28 | 80.16 | NOTE | |
r-devel-linux-x86_64-fedora-clang | 0.0.1 | 125.78 | NOTE | |||
r-devel-linux-x86_64-fedora-gcc | 0.0.1 | 120.34 | NOTE | |||
r-devel-windows-x86_64 | 0.0.1 | 39.00 | 110.00 | 149.00 | NOTE | |
r-patched-linux-x86_64 | 0.0.1 | 7.69 | 90.14 | 97.83 | NOTE | |
r-release-linux-x86_64 | 0.0.1 | 8.25 | 92.20 | 100.45 | NOTE | |
r-release-macos-arm64 | 0.0.1 | 40.00 | NOTE | |||
r-release-macos-x86_64 | 0.0.1 | 51.00 | NOTE | |||
r-release-windows-x86_64 | 0.0.1 | 42.00 | 110.00 | 152.00 | NOTE | |
r-oldrel-macos-arm64 | 0.0.1 | 47.00 | NOTE | |||
r-oldrel-macos-x86_64 | 0.0.1 | 82.00 | NOTE | |||
r-oldrel-windows-ix86+x86_64 | 0.0.1 | 20.00 | 104.00 | 124.00 | NOTE |
Version: 0.0.1
Check: LazyData
Result: NOTE
'LazyData' is specified without a 'data' directory
Flavors: r-devel-linux-x86_64-debian-clang, r-devel-linux-x86_64-debian-gcc, r-devel-linux-x86_64-fedora-clang, r-devel-linux-x86_64-fedora-gcc, r-devel-windows-x86_64, r-patched-linux-x86_64, r-release-linux-x86_64, r-release-macos-arm64, r-release-macos-x86_64, r-release-windows-x86_64, r-oldrel-macos-arm64, r-oldrel-macos-x86_64, r-oldrel-windows-ix86+x86_64