Last updated on 2022-05-15 01:52:34 CEST.
Flavor | Version | Tinstall | Tcheck | Ttotal | Status | Flags |
---|---|---|---|---|---|---|
r-devel-linux-x86_64-debian-clang | 1.1-6 | 121.97 | 681.88 | 803.85 | OK | |
r-devel-linux-x86_64-debian-gcc | 1.1-6 | 88.06 | 482.69 | 570.75 | OK | |
r-devel-linux-x86_64-fedora-clang | 1.1-6 | 900.18 | NOTE | |||
r-devel-linux-x86_64-fedora-gcc | 1.1-6 | 883.82 | OK | |||
r-devel-windows-x86_64 | 1.1-6 | 425.00 | 699.00 | 1124.00 | NOTE | |
r-patched-linux-x86_64 | 1.1-6 | 126.50 | 613.33 | 739.83 | OK | |
r-release-linux-x86_64 | 1.1-6 | 115.41 | 622.96 | 738.37 | OK | |
r-release-macos-arm64 | 1.1-6 | 189.00 | NOTE | |||
r-release-macos-x86_64 | 1.1-6 | 286.00 | NOTE | |||
r-release-windows-x86_64 | 1.1-6 | 493.00 | 690.00 | 1183.00 | NOTE | |
r-oldrel-macos-arm64 | 1.1-6 | 180.00 | NOTE | |||
r-oldrel-macos-x86_64 | 1.1-6 | 258.00 | NOTE | |||
r-oldrel-windows-ix86+x86_64 | 1.1-6 | 197.00 | 957.00 | 1154.00 | NOTE |
Version: 1.1-6
Check: installed package size
Result: NOTE
installed size is 8.2Mb
sub-directories of 1Mb or more:
R 4.1Mb
help 2.9Mb
Flavors: r-devel-linux-x86_64-fedora-clang, r-devel-windows-x86_64, r-release-macos-arm64, r-release-macos-x86_64, r-release-windows-x86_64, r-oldrel-macos-arm64, r-oldrel-macos-x86_64, r-oldrel-windows-ix86+x86_64
Version: 1.1-6
Check: Rd cross-references
Result: NOTE
Undeclared package ‘car’ in Rd xrefs
Flavor: r-devel-linux-x86_64-fedora-clang