Last updated on 2022-05-15 01:52:33 CEST.
Flavor | Version | Tinstall | Tcheck | Ttotal | Status | Flags |
---|---|---|---|---|---|---|
r-devel-linux-x86_64-debian-clang | 1.4.7 | 9.13 | 91.06 | 100.19 | OK | |
r-devel-linux-x86_64-debian-gcc | 1.4.7 | 6.47 | 65.71 | 72.18 | OK | |
r-devel-linux-x86_64-fedora-clang | 1.4.7 | 118.07 | NOTE | |||
r-devel-linux-x86_64-fedora-gcc | 1.4.7 | 111.14 | NOTE | |||
r-devel-windows-x86_64 | 1.4.7 | 73.00 | 230.00 | 303.00 | OK | |
r-patched-linux-x86_64 | 1.4.7 | 5.51 | 84.28 | 89.79 | OK | |
r-release-linux-x86_64 | 1.4.7 | 5.07 | 83.50 | 88.57 | OK | |
r-release-macos-arm64 | 1.4.7 | 52.00 | NOTE | |||
r-release-macos-x86_64 | 1.4.7 | 83.00 | NOTE | |||
r-release-windows-x86_64 | 1.4.7 | 95.00 | 119.00 | 214.00 | OK | |
r-oldrel-macos-arm64 | 1.4.7 | 50.00 | NOTE | |||
r-oldrel-macos-x86_64 | 1.4.7 | 66.00 | NOTE | |||
r-oldrel-windows-ix86+x86_64 | 1.4.7 | 21.00 | 265.00 | 286.00 | OK |
Version: 1.4.7
Check: data for non-ASCII characters
Result: NOTE
Note: found 2 marked UTF-8 strings
Flavors: r-devel-linux-x86_64-fedora-clang, r-devel-linux-x86_64-fedora-gcc, r-release-macos-arm64, r-release-macos-x86_64, r-oldrel-macos-arm64, r-oldrel-macos-x86_64