Last updated on 2022-05-15 01:52:33 CEST.
Flavor | Version | Tinstall | Tcheck | Ttotal | Status | Flags |
---|---|---|---|---|---|---|
r-devel-linux-x86_64-debian-clang | 1.1.7 | 13.92 | 126.04 | 139.96 | OK | |
r-devel-linux-x86_64-debian-gcc | 1.1.7 | 10.94 | 91.90 | 102.84 | OK | |
r-devel-linux-x86_64-fedora-clang | 1.1.7 | 165.91 | NOTE | |||
r-devel-linux-x86_64-fedora-gcc | 1.1.7 | 158.61 | OK | |||
r-devel-windows-x86_64 | 1.1.7 | 107.00 | 262.00 | 369.00 | NOTE | |
r-patched-linux-x86_64 | 1.1.7 | 13.76 | 115.56 | 129.32 | OK | |
r-release-linux-x86_64 | 1.1.7 | 12.64 | 116.65 | 129.29 | OK | |
r-release-macos-arm64 | 1.1.7 | 47.00 | NOTE | |||
r-release-macos-x86_64 | 1.1.7 | 85.00 | NOTE | |||
r-release-windows-x86_64 | 1.1.7 | 124.00 | 156.00 | 280.00 | NOTE | |
r-oldrel-macos-arm64 | 1.1.7 | 34.00 | NOTE | |||
r-oldrel-macos-x86_64 | 1.1.7 | 70.00 | NOTE | |||
r-oldrel-windows-ix86+x86_64 | 1.1.7 | 32.00 | 301.00 | 333.00 | NOTE |
Version: 1.1.7
Check: installed package size
Result: NOTE
installed size is 6.3Mb
sub-directories of 1Mb or more:
doc 1.1Mb
shinyapp 3.5Mb
Flavors: r-devel-linux-x86_64-fedora-clang, r-devel-windows-x86_64, r-release-macos-arm64, r-release-macos-x86_64, r-release-windows-x86_64, r-oldrel-macos-arm64, r-oldrel-macos-x86_64, r-oldrel-windows-ix86+x86_64