Last updated on 2022-05-15 01:52:33 CEST.
Flavor | Version | Tinstall | Tcheck | Ttotal | Status | Flags |
---|---|---|---|---|---|---|
r-devel-linux-x86_64-debian-clang | 2.4 | 14.18 | 109.49 | 123.67 | OK | |
r-devel-linux-x86_64-debian-gcc | 2.4 | 10.96 | 82.75 | 93.71 | OK | |
r-devel-linux-x86_64-fedora-clang | 2.4 | 157.91 | OK | |||
r-devel-linux-x86_64-fedora-gcc | 2.4 | 156.27 | OK | |||
r-devel-windows-x86_64 | 2.4 | 31.00 | 123.00 | 154.00 | OK | |
r-patched-linux-x86_64 | 2.4 | 11.51 | 105.60 | 117.11 | OK | |
r-release-linux-x86_64 | 2.4 | 11.28 | 107.58 | 118.86 | WARN | |
r-release-macos-arm64 | 2.4 | 38.00 | OK | |||
r-release-macos-x86_64 | 2.4 | 58.00 | OK | |||
r-release-windows-x86_64 | 2.4 | 29.00 | 118.00 | 147.00 | OK | |
r-oldrel-macos-arm64 | 2.4 | 45.00 | OK | |||
r-oldrel-macos-x86_64 | 2.4 | 72.00 | OK | |||
r-oldrel-windows-ix86+x86_64 | 2.4 | 27.00 | 119.00 | 146.00 | OK |
Version: 2.4
Check: package dependencies
Result: WARN
Requires orphaned package: ‘geiger’
Flavor: r-release-linux-x86_64