Last updated on 2022-05-15 01:52:33 CEST.
Flavor | Version | Tinstall | Tcheck | Ttotal | Status | Flags |
---|---|---|---|---|---|---|
r-devel-linux-x86_64-debian-clang | 1.0.1 | 8.75 | 80.92 | 89.67 | NOTE | |
r-devel-linux-x86_64-debian-gcc | 1.0.1 | 7.88 | 58.41 | 66.29 | NOTE | |
r-devel-linux-x86_64-fedora-clang | 1.0.1 | 107.82 | OK | |||
r-devel-linux-x86_64-fedora-gcc | 1.0.1 | 104.55 | OK | |||
r-devel-windows-x86_64 | 1.0.1 | 30.00 | 87.00 | 117.00 | OK | |
r-patched-linux-x86_64 | 1.0.1 | 12.98 | 75.67 | 88.65 | OK | |
r-release-linux-x86_64 | 1.0.1 | 7.73 | 75.10 | 82.83 | OK | |
r-release-macos-arm64 | 1.0.1 | 30.00 | OK | |||
r-release-macos-x86_64 | 1.0.1 | 38.00 | OK | |||
r-release-windows-x86_64 | 1.0.1 | 26.00 | 88.00 | 114.00 | OK | |
r-oldrel-macos-arm64 | 1.0.1 | 34.00 | OK | |||
r-oldrel-macos-x86_64 | 1.0.1 | 54.00 | OK | |||
r-oldrel-windows-ix86+x86_64 | 1.0.1 | 20.00 | 85.00 | 105.00 | OK |
Version: 1.0.1
Check: HTML version of manual
Result: NOTE
Found the following problems:
traitstatsgenpar.Rd:146:32: Warning: replacing unexpected sub with </sub>
traitstatsgenpar.Rd:148:10: Warning: discarding unexpected </sub>
traitstatsgenpar.Rd:148:28: Warning: discarding unexpected </em>
traitstatsgenpar.Rd:79:1: Warning: <big> element removed from HTML5
traitstatsgenpar.Rd:80:56: Warning: <big> element removed from HTML5
traitstatsgenpar.Rd:82:1: Warning: <big> element removed from HTML5
traitstatsgenpar.Rd:83:56: Warning: <big> element removed from HTML5
traitstatsgenpar.Rd:147:29: Warning: <big> element removed from HTML5
traitstatsgenpar.Rd:148:16: Warning: <big> element removed from HTML5
Flavors: r-devel-linux-x86_64-debian-clang, r-devel-linux-x86_64-debian-gcc