Last updated on 2022-05-15 01:52:32 CEST.
Flavor | Version | Tinstall | Tcheck | Ttotal | Status | Flags |
---|---|---|---|---|---|---|
r-devel-linux-x86_64-debian-clang | 0.5.0 | 48.67 | 48.92 | 97.59 | NOTE | |
r-devel-linux-x86_64-debian-gcc | 0.5.0 | 41.23 | 37.68 | 78.91 | NOTE | |
r-devel-linux-x86_64-fedora-clang | 0.5.0 | 143.18 | NOTE | |||
r-devel-linux-x86_64-fedora-gcc | 0.5.0 | 129.59 | NOTE | |||
r-devel-windows-x86_64 | 0.5.0 | 138.00 | 104.00 | 242.00 | NOTE | |
r-patched-linux-x86_64 | 0.5.0 | 42.23 | 47.80 | 90.03 | NOTE | |
r-release-linux-x86_64 | 0.5.0 | 45.22 | 47.55 | 92.77 | NOTE | |
r-release-macos-arm64 | 0.5.0 | 38.00 | NOTE | |||
r-release-macos-x86_64 | 0.5.0 | 46.00 | NOTE | |||
r-release-windows-x86_64 | 0.5.0 | 190.00 | 106.00 | 296.00 | NOTE | |
r-oldrel-macos-arm64 | 0.5.0 | 41.00 | NOTE | |||
r-oldrel-macos-x86_64 | 0.5.0 | 55.00 | NOTE | |||
r-oldrel-windows-ix86+x86_64 | 0.5.0 | 130.00 | 92.00 | 222.00 | NOTE |
Version: 0.5.0
Check: LazyData
Result: NOTE
'LazyData' is specified without a 'data' directory
Flavors: r-devel-linux-x86_64-debian-clang, r-devel-linux-x86_64-debian-gcc, r-devel-linux-x86_64-fedora-clang, r-devel-linux-x86_64-fedora-gcc, r-devel-windows-x86_64, r-patched-linux-x86_64, r-release-linux-x86_64, r-release-macos-arm64, r-release-macos-x86_64, r-release-windows-x86_64, r-oldrel-macos-arm64, r-oldrel-macos-x86_64, r-oldrel-windows-ix86+x86_64
Version: 0.5.0
Check: dependencies in R code
Result: NOTE
Namespace in Imports field not imported from: ‘plyr’
All declared Imports should be used.
Flavors: r-devel-linux-x86_64-fedora-clang, r-devel-linux-x86_64-fedora-gcc, r-release-macos-arm64, r-release-macos-x86_64, r-oldrel-macos-arm64, r-oldrel-macos-x86_64