CRAN Package Check Results for Package SpatialPOP

Last updated on 2022-05-15 01:52:31 CEST.

Flavor Version Tinstall Tcheck Ttotal Status Flags
r-devel-linux-x86_64-debian-clang 0.1.0 2.05 40.99 43.04 OK
r-devel-linux-x86_64-debian-gcc 0.1.0 1.99 31.33 33.32 OK
r-devel-linux-x86_64-fedora-clang 0.1.0 55.01 NOTE
r-devel-linux-x86_64-fedora-gcc 0.1.0 50.84 NOTE
r-devel-windows-x86_64 0.1.0 12.00 58.00 70.00 OK
r-patched-linux-x86_64 0.1.0 2.53 38.53 41.06 OK
r-release-linux-x86_64 0.1.0 1.70 39.27 40.97 OK
r-release-macos-arm64 0.1.0 20.00 NOTE
r-release-macos-x86_64 0.1.0 26.00 NOTE
r-release-windows-x86_64 0.1.0 13.00 61.00 74.00 OK
r-oldrel-macos-arm64 0.1.0 18.00 NOTE
r-oldrel-macos-x86_64 0.1.0 23.00 NOTE
r-oldrel-windows-ix86+x86_64 0.1.0 7.00 63.00 70.00 OK

Check Details

Version: 0.1.0
Check: dependencies in R code
Result: NOTE
    Namespace in Imports field not imported from: ‘MASS’
     All declared Imports should be used.
Flavors: r-devel-linux-x86_64-fedora-clang, r-devel-linux-x86_64-fedora-gcc, r-release-macos-arm64, r-release-macos-x86_64, r-oldrel-macos-arm64, r-oldrel-macos-x86_64