Last updated on 2022-05-15 01:52:31 CEST.
Flavor | Version | Tinstall | Tcheck | Ttotal | Status | Flags |
---|---|---|---|---|---|---|
r-devel-linux-x86_64-debian-clang | 1.0 | 68.68 | 90.07 | 158.75 | OK | |
r-devel-linux-x86_64-debian-gcc | 1.0 | 54.10 | 66.46 | 120.56 | OK | |
r-devel-linux-x86_64-fedora-clang | 1.0 | 227.61 | NOTE | |||
r-devel-linux-x86_64-fedora-gcc | 1.0 | 192.68 | NOTE | |||
r-devel-windows-x86_64 | 1.0 | 108.00 | 118.00 | 226.00 | OK | |
r-patched-linux-x86_64 | 1.0 | 62.52 | 83.05 | 145.57 | OK | |
r-release-linux-x86_64 | 1.0 | 54.62 | 83.06 | 137.68 | OK | |
r-release-macos-arm64 | 1.0 | 50.00 | OK | |||
r-release-macos-x86_64 | 1.0 | 91.00 | OK | |||
r-release-windows-x86_64 | 1.0 | 110.00 | 121.00 | 231.00 | OK | |
r-oldrel-macos-arm64 | 1.0 | 52.00 | OK | |||
r-oldrel-macos-x86_64 | 1.0 | 92.00 | OK | |||
r-oldrel-windows-ix86+x86_64 | 1.0 | 167.00 | 137.00 | 304.00 | OK |
Version: 1.0
Check: compiled code
Result: NOTE
File ‘SparseFactorAnalysis/libs/SparseFactorAnalysis.so’:
Found no calls to: ‘R_registerRoutines’, ‘R_useDynamicSymbols’
It is good practice to register native routines and to disable symbol
search.
See ‘Writing portable packages’ in the ‘Writing R Extensions’ manual.
Flavors: r-devel-linux-x86_64-fedora-clang, r-devel-linux-x86_64-fedora-gcc