Last updated on 2022-05-15 01:52:31 CEST.
Flavor | Version | Tinstall | Tcheck | Ttotal | Status | Flags |
---|---|---|---|---|---|---|
r-devel-linux-x86_64-debian-clang | 0.3.8 | 11.22 | 192.27 | 203.49 | OK | |
r-devel-linux-x86_64-debian-gcc | 0.3.8 | 7.97 | 132.07 | 140.04 | OK | |
r-devel-linux-x86_64-fedora-clang | 0.3.8 | 230.82 | NOTE | |||
r-devel-linux-x86_64-fedora-gcc | 0.3.8 | 224.10 | NOTE | |||
r-devel-windows-x86_64 | 0.3.8 | 31.00 | 196.00 | 227.00 | OK | |
r-patched-linux-x86_64 | 0.3.8 | 10.27 | 167.13 | 177.40 | OK | |
r-release-linux-x86_64 | 0.3.8 | 9.82 | 169.26 | 179.08 | OK | |
r-release-macos-arm64 | 0.3.8 | 75.00 | NOTE | |||
r-release-macos-x86_64 | 0.3.8 | 140.00 | NOTE | |||
r-release-windows-x86_64 | 0.3.8 | 29.00 | 200.00 | 229.00 | OK | |
r-oldrel-macos-arm64 | 0.3.8 | 103.00 | NOTE | |||
r-oldrel-macos-x86_64 | 0.3.8 | 87.00 | NOTE | |||
r-oldrel-windows-ix86+x86_64 | 0.3.8 | 25.00 | 613.00 | 638.00 | OK |
Version: 0.3.8
Check: dependencies in R code
Result: NOTE
Namespace in Imports field not imported from: ‘qpdf’
All declared Imports should be used.
Flavors: r-devel-linux-x86_64-fedora-clang, r-devel-linux-x86_64-fedora-gcc, r-release-macos-arm64, r-release-macos-x86_64, r-oldrel-macos-arm64, r-oldrel-macos-x86_64
Version: 0.3.8
Check: Rd cross-references
Result: NOTE
Undeclared packages ‘InformationValue’, ‘ggthemes’ in Rd xrefs
Flavor: r-devel-linux-x86_64-fedora-clang