Last updated on 2022-05-15 01:52:31 CEST.
Flavor | Version | Tinstall | Tcheck | Ttotal | Status | Flags |
---|---|---|---|---|---|---|
r-devel-linux-x86_64-debian-clang | 0.3.9 | 81.41 | 50.48 | 131.89 | NOTE | |
r-devel-linux-x86_64-debian-gcc | 0.3.9 | 68.88 | 40.26 | 109.14 | NOTE | |
r-devel-linux-x86_64-fedora-clang | 0.3.9 | 196.82 | NOTE | |||
r-devel-linux-x86_64-fedora-gcc | 0.3.9 | 177.03 | NOTE | |||
r-devel-windows-x86_64 | 0.3.9 | 71.00 | 89.00 | 160.00 | NOTE | |
r-patched-linux-x86_64 | 0.3.9 | 70.83 | 48.98 | 119.81 | NOTE | |
r-release-linux-x86_64 | 0.3.9 | 69.78 | 48.43 | 118.21 | NOTE | |
r-release-macos-arm64 | 0.3.9 | 50.00 | NOTE | |||
r-release-macos-x86_64 | 0.3.9 | 66.00 | NOTE | |||
r-release-windows-x86_64 | 0.3.9 | 79.00 | 92.00 | 171.00 | NOTE | |
r-oldrel-macos-arm64 | 0.3.9 | 50.00 | NOTE | |||
r-oldrel-macos-x86_64 | 0.3.9 | 67.00 | NOTE | |||
r-oldrel-windows-ix86+x86_64 | 0.3.9 | 186.00 | 102.00 | 288.00 | NOTE |
Version: 0.3.9
Check: for GNU extensions in Makefiles
Result: NOTE
GNU make is a SystemRequirements.
Flavors: r-devel-linux-x86_64-debian-clang, r-devel-linux-x86_64-debian-gcc, r-devel-linux-x86_64-fedora-clang, r-devel-linux-x86_64-fedora-gcc, r-devel-windows-x86_64, r-patched-linux-x86_64, r-release-linux-x86_64, r-release-macos-arm64, r-release-macos-x86_64, r-release-windows-x86_64, r-oldrel-macos-arm64, r-oldrel-macos-x86_64, r-oldrel-windows-ix86+x86_64
Version: 0.3.9
Check: installed package size
Result: NOTE
installed size is 5.7Mb
sub-directories of 1Mb or more:
libs 5.3Mb
Flavors: r-release-macos-arm64, r-release-macos-x86_64, r-oldrel-macos-arm64, r-oldrel-macos-x86_64