CRAN Package Check Results for Package Semblance

Last updated on 2022-05-15 01:52:30 CEST.

Flavor Version Tinstall Tcheck Ttotal Status Flags
r-devel-linux-x86_64-debian-clang 1.1.0 15.18 130.85 146.03 NOTE
r-devel-linux-x86_64-debian-gcc 1.1.0 11.61 97.41 109.02 NOTE
r-devel-linux-x86_64-fedora-clang 1.1.0 176.48 NOTE
r-devel-linux-x86_64-fedora-gcc 1.1.0 174.78 NOTE
r-devel-windows-x86_64 1.1.0 20.00 133.00 153.00 NOTE
r-patched-linux-x86_64 1.1.0 12.31 122.34 134.65 NOTE
r-release-linux-x86_64 1.1.0 8.83 123.50 132.33 NOTE
r-release-macos-arm64 1.1.0 44.00 NOTE
r-release-macos-x86_64 1.1.0 78.00 NOTE
r-release-windows-x86_64 1.1.0 22.00 137.00 159.00 NOTE
r-oldrel-macos-arm64 1.1.0 52.00 NOTE
r-oldrel-macos-x86_64 1.1.0 78.00 NOTE
r-oldrel-windows-ix86+x86_64 1.1.0 32.00 127.00 159.00 NOTE

Check Details

Version: 1.1.0
Check: LazyData
Result: NOTE
     'LazyData' is specified without a 'data' directory
Flavors: r-devel-linux-x86_64-debian-clang, r-devel-linux-x86_64-debian-gcc, r-devel-linux-x86_64-fedora-clang, r-devel-linux-x86_64-fedora-gcc, r-devel-windows-x86_64, r-patched-linux-x86_64, r-release-linux-x86_64, r-release-macos-arm64, r-release-macos-x86_64, r-release-windows-x86_64, r-oldrel-macos-arm64, r-oldrel-macos-x86_64, r-oldrel-windows-ix86+x86_64