Last updated on 2022-05-15 01:52:30 CEST.
Flavor | Version | Tinstall | Tcheck | Ttotal | Status | Flags |
---|---|---|---|---|---|---|
r-devel-linux-x86_64-debian-clang | 1.0 | 12.17 | 59.51 | 71.68 | NOTE | |
r-devel-linux-x86_64-debian-gcc | 1.0 | 10.65 | 44.24 | 54.89 | NOTE | |
r-devel-linux-x86_64-fedora-clang | 1.0 | 86.93 | NOTE | |||
r-devel-linux-x86_64-fedora-gcc | 1.0 | 89.30 | NOTE | |||
r-devel-windows-x86_64 | 1.0 | 17.00 | 73.00 | 90.00 | NOTE | |
r-patched-linux-x86_64 | 1.0 | 10.52 | 57.84 | 68.36 | NOTE | |
r-release-linux-x86_64 | 1.0 | 9.46 | 58.00 | 67.46 | NOTE | |
r-release-macos-arm64 | 1.0 | 27.00 | NOTE | |||
r-release-macos-x86_64 | 1.0 | 33.00 | NOTE | |||
r-release-windows-x86_64 | 1.0 | 16.00 | 74.00 | 90.00 | NOTE | |
r-oldrel-macos-arm64 | 1.0 | 24.00 | NOTE | |||
r-oldrel-macos-x86_64 | 1.0 | 36.00 | NOTE | |||
r-oldrel-windows-ix86+x86_64 | 1.0 | 18.00 | 66.00 | 84.00 | NOTE |
Version: 1.0
Check: LazyData
Result: NOTE
'LazyData' is specified without a 'data' directory
Flavors: r-devel-linux-x86_64-debian-clang, r-devel-linux-x86_64-debian-gcc, r-devel-linux-x86_64-fedora-clang, r-devel-linux-x86_64-fedora-gcc, r-devel-windows-x86_64, r-patched-linux-x86_64, r-release-linux-x86_64, r-release-macos-arm64, r-release-macos-x86_64, r-release-windows-x86_64, r-oldrel-macos-arm64, r-oldrel-macos-x86_64, r-oldrel-windows-ix86+x86_64