CRAN Package Check Results for Package Scalelink

Last updated on 2022-05-15 01:52:30 CEST.

Flavor Version Tinstall Tcheck Ttotal Status Flags
r-devel-linux-x86_64-debian-clang 1.0 18.26 43.17 61.43 NOTE
r-devel-linux-x86_64-debian-gcc 1.0 15.82 32.43 48.25 NOTE
r-devel-linux-x86_64-fedora-clang 1.0 86.72 NOTE
r-devel-linux-x86_64-fedora-gcc 1.0 80.03 NOTE
r-devel-windows-x86_64 1.0 32.00 77.00 109.00 NOTE
r-patched-linux-x86_64 1.0 16.44 41.04 57.48 NOTE
r-release-linux-x86_64 1.0 18.32 40.72 59.04 NOTE
r-release-macos-arm64 1.0 27.00 NOTE
r-release-macos-x86_64 1.0 34.00 NOTE
r-release-windows-x86_64 1.0 27.00 79.00 106.00 NOTE
r-oldrel-macos-arm64 1.0 30.00 NOTE
r-oldrel-macos-x86_64 1.0 46.00 NOTE
r-oldrel-windows-ix86+x86_64 1.0 56.00 83.00 139.00 NOTE

Check Details

Version: 1.0
Check: for GNU extensions in Makefiles
Result: NOTE
    GNU make is a SystemRequirements.
Flavors: r-devel-linux-x86_64-debian-clang, r-devel-linux-x86_64-debian-gcc, r-devel-linux-x86_64-fedora-clang, r-devel-linux-x86_64-fedora-gcc, r-devel-windows-x86_64, r-patched-linux-x86_64, r-release-linux-x86_64, r-release-macos-arm64, r-release-macos-x86_64, r-release-windows-x86_64, r-oldrel-macos-arm64, r-oldrel-macos-x86_64, r-oldrel-windows-ix86+x86_64