Last updated on 2022-05-15 01:52:32 CEST.
Flavor | Version | Tinstall | Tcheck | Ttotal | Status | Flags |
---|---|---|---|---|---|---|
r-devel-linux-x86_64-debian-clang | 1.2.1 | 25.16 | 178.35 | 203.51 | NOTE | |
r-devel-linux-x86_64-debian-gcc | 1.2.1 | 20.63 | 130.89 | 151.52 | NOTE | |
r-devel-linux-x86_64-fedora-clang | 1.2.1 | 253.67 | NOTE | |||
r-devel-linux-x86_64-fedora-gcc | 1.2.1 | 243.52 | OK | |||
r-devel-windows-x86_64 | 1.2.1 | 38.00 | 183.00 | 221.00 | NOTE | |
r-patched-linux-x86_64 | 1.2.1 | 23.05 | 167.49 | 190.54 | NOTE | |
r-release-linux-x86_64 | 1.2.1 | 17.44 | 168.36 | 185.80 | NOTE | |
r-release-macos-arm64 | 1.2.1 | 58.00 | NOTE | |||
r-release-macos-x86_64 | 1.2.1 | 105.00 | NOTE | |||
r-release-windows-x86_64 | 1.2.1 | 44.00 | 185.00 | 229.00 | NOTE | |
r-oldrel-macos-arm64 | 1.2.1 | 53.00 | NOTE | |||
r-oldrel-macos-x86_64 | 1.2.1 | 83.00 | NOTE | |||
r-oldrel-windows-ix86+x86_64 | 1.2.1 | 49.00 | 188.00 | 237.00 | OK |
Version: 1.2.1
Check: package dependencies
Result: NOTE
Package suggested but not available for checking: 'INLA'
Flavors: r-devel-linux-x86_64-debian-clang, r-devel-linux-x86_64-debian-gcc, r-devel-windows-x86_64, r-patched-linux-x86_64, r-release-linux-x86_64, r-release-macos-arm64, r-release-macos-x86_64, r-release-windows-x86_64, r-oldrel-macos-arm64, r-oldrel-macos-x86_64
Version: 1.2.1
Check: installed package size
Result: NOTE
installed size is 5.0Mb
sub-directories of 1Mb or more:
data 2.0Mb
doc 2.4Mb
Flavors: r-devel-linux-x86_64-fedora-clang, r-release-macos-arm64, r-oldrel-macos-arm64